{"id":158,"date":"2021-02-21T11:51:13","date_gmt":"2021-02-21T11:51:13","guid":{"rendered":"https:\/\/fundaciondoctrinacristiana.es\/constantina\/?page_id=158"},"modified":"2024-10-22T17:39:08","modified_gmt":"2024-10-22T15:39:08","slug":"escolarizacion","status":"publish","type":"page","link":"https:\/\/fundaciondoctrinacristiana.es\/constantina\/escolarizacion\/","title":{"rendered":"ESCOLARIZACI\u00d3N"},"content":{"rendered":"<p><strong>EL CALENDARIO<\/strong> DE ACTUACIONES DEL PROCEDIMIENTO DE ADMISI\u00d3N DEL<br \/>\nALUMNADO EN LOS CENTROS DOCENTES P\u00daBLICOS Y PRIVADOS<br \/>\nCONCERTADOS PARA CURSAR LAS ENSE\u00d1ANZAS DE SEGUNDO CICLO DE<br \/>\nEDUCACI\u00d3N INFANTIL, EDUCACI\u00d3N PRIMARIA, EDUCACI\u00d3N ESPECIAL,<br \/>\nEDUCACI\u00d3N SECUNDARIA OBLIGATORIA Y BACHILLERATO, PARA EL CURSO<br \/>\n2025\/2026, <strong>SE PUBLICAR\u00c1 EN EL MES DE FEBRERO DEL 2025.<\/strong><\/p>\n","protected":false},"excerpt":{"rendered":"<p>EL CALENDARIO DE ACTUACIONES DEL PROCEDIMIENTO DE ADMISI\u00d3N DEL ALUMNADO EN LOS CENTROS DOCENTES P\u00daBLICOS Y PRIVADOS CONCERTADOS PARA CURSAR LAS ENSE\u00d1ANZAS DE SEGUNDO CICLO DE EDUCACI\u00d3N INFANTIL, EDUCACI\u00d3N PRIMARIA, EDUCACI\u00d3N ESPECIAL, EDUCACI\u00d3N SECUNDARIA OBLIGATORIA Y BACHILLERATO, PARA EL CURSO 2025\/2026, SE PUBLICAR\u00c1 EN EL MES DE FEBRERO DEL 2025.<\/p>\n","protected":false},"author":15,"featured_media":0,"parent":0,"menu_order":0,"comment_status":"closed","ping_status":"closed","template":"","meta":{"footnotes":""},"class_list":["post-158","page","type-page","status-publish","hentry"],"_links":{"self":[{"href":"https:\/\/fundaciondoctrinacristiana.es\/constantina\/wp-json\/wp\/v2\/pages\/158","targetHints":{"allow":["GET"]}}],"collection":[{"href":"https:\/\/fundaciondoctrinacristiana.es\/constantina\/wp-json\/wp\/v2\/pages"}],"about":[{"href":"https:\/\/fundaciondoctrinacristiana.es\/constantina\/wp-json\/wp\/v2\/types\/page"}],"author":[{"embeddable":true,"href":"https:\/\/fundaciondoctrinacristiana.es\/constantina\/wp-json\/wp\/v2\/users\/15"}],"replies":[{"embeddable":true,"href":"https:\/\/fundaciondoctrinacristiana.es\/constantina\/wp-json\/wp\/v2\/comments?post=158"}],"version-history":[{"count":3,"href":"https:\/\/fundaciondoctrinacristiana.es\/constantina\/wp-json\/wp\/v2\/pages\/158\/revisions"}],"predecessor-version":[{"id":656,"href":"https:\/\/fundaciondoctrinacristiana.es\/constantina\/wp-json\/wp\/v2\/pages\/158\/revisions\/656"}],"wp:attachment":[{"href":"https:\/\/fundaciondoctrinacristiana.es\/constantina\/wp-json\/wp\/v2\/media?parent=158"}],"curies":[{"name":"wp","href":"https:\/\/api.w.org\/{rel}","templated":true}]}}