{"id":36,"date":"2021-02-20T21:55:29","date_gmt":"2021-02-20T21:55:29","guid":{"rendered":"https:\/\/fundaciondoctrinacristiana.es\/constantina\/?page_id=36"},"modified":"2024-10-22T17:25:26","modified_gmt":"2024-10-22T15:25:26","slug":"centro","status":"publish","type":"page","link":"https:\/\/fundaciondoctrinacristiana.es\/constantina\/centro\/","title":{"rendered":"CENTRO"},"content":{"rendered":"<h1 style=\"text-align: center\">Plaza de Nuestra Se\u00f1ora de la Amargura, 2<\/h1>\n<h1 style=\"text-align: center\">41450 Constantina. Sevilla<\/h1>\n<h1 style=\"text-align: center\">955881359<\/h1>\n<h1 style=\"text-align: center\">scjconstantina@doctrinacristianaconstantina.es<\/h1>\n<p>&nbsp;<\/p>\n<ul>\n<li>\n<h1>BILING\u00dcISMO (Ingl\u00e9s)<\/h1>\n<\/li>\n<li>\n<h1>Educaci\u00f3n en Valores<\/h1>\n<\/li>\n<li>\n<h1>Cercan\u00eda y Atenci\u00f3n Personalizada<\/h1>\n<\/li>\n<li>\n<h1>Proyecto de Pastoral muy consolidado.<\/h1>\n<\/li>\n<li>\n<h1>Formaci\u00f3n de grupos semillas y brotes en colaboraci\u00f3n con los Centros de la Fundaci\u00f3n.<\/h1>\n<\/li>\n<li>\n<h1>Servicio de Comedor<\/h1>\n<\/li>\n<li>\n<h1>Aula Matutina<\/h1>\n<\/li>\n<\/ul>\n","protected":false},"excerpt":{"rendered":"<p>Plaza de Nuestra Se\u00f1ora de la Amargura, 2 41450 Constantina. Sevilla 955881359 scjconstantina@doctrinacristianaconstantina.es &nbsp; BILING\u00dcISMO (Ingl\u00e9s) Educaci\u00f3n en Valores Cercan\u00eda y Atenci\u00f3n Personalizada Proyecto de Pastoral muy consolidado. Formaci\u00f3n de grupos semillas y brotes en colaboraci\u00f3n con los Centros de la Fundaci\u00f3n. Servicio de Comedor Aula Matutina<\/p>\n","protected":false},"author":1,"featured_media":0,"parent":0,"menu_order":0,"comment_status":"closed","ping_status":"closed","template":"","meta":{"footnotes":""},"class_list":["post-36","page","type-page","status-publish","hentry"],"_links":{"self":[{"href":"https:\/\/fundaciondoctrinacristiana.es\/constantina\/wp-json\/wp\/v2\/pages\/36","targetHints":{"allow":["GET"]}}],"collection":[{"href":"https:\/\/fundaciondoctrinacristiana.es\/constantina\/wp-json\/wp\/v2\/pages"}],"about":[{"href":"https:\/\/fundaciondoctrinacristiana.es\/constantina\/wp-json\/wp\/v2\/types\/page"}],"author":[{"embeddable":true,"href":"https:\/\/fundaciondoctrinacristiana.es\/constantina\/wp-json\/wp\/v2\/users\/1"}],"replies":[{"embeddable":true,"href":"https:\/\/fundaciondoctrinacristiana.es\/constantina\/wp-json\/wp\/v2\/comments?post=36"}],"version-history":[{"count":4,"href":"https:\/\/fundaciondoctrinacristiana.es\/constantina\/wp-json\/wp\/v2\/pages\/36\/revisions"}],"predecessor-version":[{"id":655,"href":"https:\/\/fundaciondoctrinacristiana.es\/constantina\/wp-json\/wp\/v2\/pages\/36\/revisions\/655"}],"wp:attachment":[{"href":"https:\/\/fundaciondoctrinacristiana.es\/constantina\/wp-json\/wp\/v2\/media?parent=36"}],"curies":[{"name":"wp","href":"https:\/\/api.w.org\/{rel}","templated":true}]}}