{"id":47,"date":"2021-02-20T21:59:17","date_gmt":"2021-02-20T21:59:17","guid":{"rendered":"https:\/\/fundaciondoctrinacristiana.es\/constantina\/?page_id=47"},"modified":"2022-08-15T12:09:31","modified_gmt":"2022-08-15T10:09:31","slug":"planes-y-proyectos","status":"publish","type":"page","link":"https:\/\/fundaciondoctrinacristiana.es\/constantina\/planes-y-proyectos\/","title":{"rendered":"PLANES Y PROYECTOS"},"content":{"rendered":"<ul>\n<li>\n<h2><a href=\"https:\/\/drive.google.com\/file\/d\/1uRMum-5uv4xKVp0tidC2_he4EYc23_ed\/view?usp=sharing\" target=\"_blank\" rel=\"noopener\"><strong>Plan de ortograf\u00eda, comprensi\u00f3n lectora y resoluci\u00f3n de problemas<\/strong><\/a><\/h2>\n<\/li>\n<li>\n<h2>Plan de mediaci\u00f3n y resoluci\u00f3n de conflictos.<\/h2>\n<\/li>\n<li>\n<h2>Programa de atenci\u00f3n a la diversidad basada en la escuela inclusiva.<\/h2>\n<\/li>\n<li>\n<h2>Reglamento de Organizaci\u00f3n y Funcionamiento.<\/h2>\n<\/li>\n<li>\n<h2>Planes de colaboraci\u00f3n con distintas instituciones locales y provinciales.<\/h2>\n<\/li>\n<li>\n<h2>Plan de igualdad.<\/h2>\n<\/li>\n<li>\n<h2>Plan de evacuaci\u00f3n.<\/h2>\n<\/li>\n<li>\n<h2>Plan de acogida.<\/h2>\n<\/li>\n<li>\n<h2>Protocolo de enfermedades.<\/h2>\n<\/li>\n<li>\n<h2>Centro Concertado con al CE y C.<\/h2>\n<\/li>\n<li>\n<h2>Programa de inmersi\u00f3n ling\u00fc\u00edstica.<\/h2>\n<\/li>\n<\/ul>\n","protected":false},"excerpt":{"rendered":"<p>Plan de ortograf\u00eda, comprensi\u00f3n lectora y resoluci\u00f3n de problemas Plan de mediaci\u00f3n y resoluci\u00f3n de conflictos. Programa de atenci\u00f3n a la diversidad basada en la escuela inclusiva. Reglamento de Organizaci\u00f3n y Funcionamiento. Planes de colaboraci\u00f3n con distintas instituciones locales y provinciales. Plan de igualdad. Plan de evacuaci\u00f3n. Plan de acogida. Protocolo de enfermedades. Centro Concertado con al CE y C. Programa de inmersi\u00f3n ling\u00fc\u00edstica.<\/p>\n","protected":false},"author":1,"featured_media":0,"parent":0,"menu_order":0,"comment_status":"closed","ping_status":"closed","template":"","meta":{"footnotes":""},"class_list":["post-47","page","type-page","status-publish","hentry"],"_links":{"self":[{"href":"https:\/\/fundaciondoctrinacristiana.es\/constantina\/wp-json\/wp\/v2\/pages\/47","targetHints":{"allow":["GET"]}}],"collection":[{"href":"https:\/\/fundaciondoctrinacristiana.es\/constantina\/wp-json\/wp\/v2\/pages"}],"about":[{"href":"https:\/\/fundaciondoctrinacristiana.es\/constantina\/wp-json\/wp\/v2\/types\/page"}],"author":[{"embeddable":true,"href":"https:\/\/fundaciondoctrinacristiana.es\/constantina\/wp-json\/wp\/v2\/users\/1"}],"replies":[{"embeddable":true,"href":"https:\/\/fundaciondoctrinacristiana.es\/constantina\/wp-json\/wp\/v2\/comments?post=47"}],"version-history":[{"count":5,"href":"https:\/\/fundaciondoctrinacristiana.es\/constantina\/wp-json\/wp\/v2\/pages\/47\/revisions"}],"predecessor-version":[{"id":349,"href":"https:\/\/fundaciondoctrinacristiana.es\/constantina\/wp-json\/wp\/v2\/pages\/47\/revisions\/349"}],"wp:attachment":[{"href":"https:\/\/fundaciondoctrinacristiana.es\/constantina\/wp-json\/wp\/v2\/media?parent=47"}],"curies":[{"name":"wp","href":"https:\/\/api.w.org\/{rel}","templated":true}]}}

<ul>
<li>
<h2><a href="https://drive.google.com/file/d/1uRMum-5uv4xKVp0tidC2_he4EYc23_ed/view?usp=sharing" target="_blank" rel="noopener"><strong>Plan de ortografía, comprensión lectora y resolución de problemas</strong></a></h2>
</li>
<li>
<h2>Plan de mediación y resolución de conflictos.</h2>
</li>
<li>
<h2>Programa de atención a la diversidad basada en la escuela inclusiva.</h2>
</li>
<li>
<h2>Reglamento de Organización y Funcionamiento.</h2>
</li>
<li>
<h2>Planes de colaboración con distintas instituciones locales y provinciales.</h2>
</li>
<li>
<h2>Plan de igualdad.</h2>
</li>
<li>
<h2>Plan de evacuación.</h2>
</li>
<li>
<h2>Plan de acogida.</h2>
</li>
<li>
<h2>Protocolo de enfermedades.</h2>
</li>
<li>
<h2>Centro Concertado con al CE y C.</h2>
</li>
<li>
<h2>Programa de inmersión lingüística.</h2>
</li>
</ul>

<p>Plan de ortografía, comprensión lectora y resolución de problemas Plan de mediación y resolución de conflictos. Programa de atención a la diversidad basada en la escuela inclusiva. Reglamento de Organización y Funcionamiento. Planes de colaboración con distintas instituciones locales y provinciales. Plan de igualdad. Plan de evacuación. Plan de acogida. Protocolo de enfermedades. Centro Concertado con al CE y C. Programa de inmersión lingüística.</p>
