{"id":638,"date":"2024-10-22T16:41:38","date_gmt":"2024-10-22T14:41:38","guid":{"rendered":"https:\/\/fundaciondoctrinacristiana.es\/constantina\/?page_id=638"},"modified":"2025-04-01T18:55:32","modified_gmt":"2025-04-01T16:55:32","slug":"comedor","status":"publish","type":"page","link":"https:\/\/fundaciondoctrinacristiana.es\/constantina\/comedor\/","title":{"rendered":"COMEDOR"},"content":{"rendered":"<p><a href=\"https:\/\/drive.google.com\/file\/d\/1ycVHYNf1zpADCGi3FlAU5idb-X0bapa4\/view?usp=sharing\" target=\"_blank\" rel=\"noopener\">MEN\u00da ABRIL 2025<\/a><\/p>\n<p><a href=\"https:\/\/drive.google.com\/file\/d\/1yg3j2sBcdz14DJz1suPi7hBKC70xv1Gn\/view?usp=sharing\" target=\"_blank\" rel=\"noopener\">PROPUESTA DE CENA ABRIL 2025<\/a><\/p>\n<p><a href=\"https:\/\/drive.google.com\/file\/d\/1v9iOFDYPubYm58dP8cRuiAfb48tNAFRT\/view?usp=sharing\" target=\"_blank\" rel=\"noopener\">MEN\u00da MARZO Y PROPUESTA DE CENA 2025<\/a><\/p>\n<p><a href=\"https:\/\/drive.google.com\/file\/d\/1hYgsZ5ycrhpb37AAWC7MOy2ymBj5wTmq\/view?usp=sharing\" target=\"_blank\" rel=\"noopener\">MEN\u00da FEBRERO Y PROPUESTA DE CENA 2025<\/a><\/p>\n<p><a href=\"https:\/\/drive.google.com\/file\/d\/1zOkFxFCqSmkccMFhckPq3WM7FVwGHkYO\/view?usp=sharing\" target=\"_blank\" rel=\"noopener\">MEN\u00da ENERO 2025<\/a><\/p>\n<p><a href=\"https:\/\/drive.google.com\/file\/d\/1qehJAqJcNvLhaoi3N_45fkNvhB-ygErw\/view?usp=sharing\" target=\"_blank\" rel=\"noopener\">PROPUESTA DE CENA ENERO 2025<\/a><\/p>\n<p><a href=\"https:\/\/drive.google.com\/file\/d\/1zOkFxFCqSmkccMFhckPq3WM7FVwGHkYO\/view?usp=sharing\" target=\"_blank\" rel=\"noopener\">MEN\u00da DICIEMBRE 24<\/a><\/p>\n<p><a href=\"https:\/\/drive.google.com\/file\/d\/1vYu_w9veQHn6mKpmPTyH-eEBtRPjXukQ\/view?usp=sharing\" target=\"_blank\" rel=\"noopener\">PROPUESTA DE CENA DICIEMBRE 24<\/a><\/p>\n<p>&nbsp;<\/p>\n","protected":false},"excerpt":{"rendered":"<p>MEN\u00da ABRIL 2025 PROPUESTA DE CENA ABRIL 2025 MEN\u00da MARZO Y PROPUESTA DE CENA 2025 MEN\u00da FEBRERO Y PROPUESTA DE CENA 2025 MEN\u00da ENERO 2025 PROPUESTA DE CENA ENERO 2025 MEN\u00da DICIEMBRE 24 PROPUESTA DE CENA DICIEMBRE 24 &nbsp;<\/p>\n","protected":false},"author":15,"featured_media":0,"parent":0,"menu_order":0,"comment_status":"closed","ping_status":"closed","template":"","meta":{"footnotes":""},"class_list":["post-638","page","type-page","status-publish","hentry"],"_links":{"self":[{"href":"https:\/\/fundaciondoctrinacristiana.es\/constantina\/wp-json\/wp\/v2\/pages\/638","targetHints":{"allow":["GET"]}}],"collection":[{"href":"https:\/\/fundaciondoctrinacristiana.es\/constantina\/wp-json\/wp\/v2\/pages"}],"about":[{"href":"https:\/\/fundaciondoctrinacristiana.es\/constantina\/wp-json\/wp\/v2\/types\/page"}],"author":[{"embeddable":true,"href":"https:\/\/fundaciondoctrinacristiana.es\/constantina\/wp-json\/wp\/v2\/users\/15"}],"replies":[{"embeddable":true,"href":"https:\/\/fundaciondoctrinacristiana.es\/constantina\/wp-json\/wp\/v2\/comments?post=638"}],"version-history":[{"count":13,"href":"https:\/\/fundaciondoctrinacristiana.es\/constantina\/wp-json\/wp\/v2\/pages\/638\/revisions"}],"predecessor-version":[{"id":733,"href":"https:\/\/fundaciondoctrinacristiana.es\/constantina\/wp-json\/wp\/v2\/pages\/638\/revisions\/733"}],"wp:attachment":[{"href":"https:\/\/fundaciondoctrinacristiana.es\/constantina\/wp-json\/wp\/v2\/media?parent=638"}],"curies":[{"name":"wp","href":"https:\/\/api.w.org\/{rel}","templated":true}]}}