{"id":1046,"date":"2021-02-28T20:30:23","date_gmt":"2021-02-28T20:30:23","guid":{"rendered":"https:\/\/fundaciondoctrinacristiana.es\/madrid\/?page_id=1046"},"modified":"2025-03-06T12:48:54","modified_gmt":"2025-03-06T11:48:54","slug":"valores","status":"publish","type":"page","link":"https:\/\/fundaciondoctrinacristiana.es\/madrid\/valores\/","title":{"rendered":"Ideario"},"content":{"rendered":"<p><strong>IDENTIDAD DE NUESTRO CENTRO<\/strong><\/p>\n<p>Ofrecer una educaci\u00f3n integral e innovadora que permita a la Persona ser\u00a0protagonista de su propia historia, disponible, sencilla, libre y cercana\u00a0participando de la Misi\u00f3n de la Iglesia Cat\u00f3lica y teniendo como referencia los\u00a0Valores del Evangelio, expresados a trav\u00e9s del Carisma de las Misioneras de la\u00a0Doctrina Cristiana.<\/p>\n<p><em>La escuela de las Misioneras de la Doctrina Cristiana<\/em><\/p>\n<ul>\n<li>Fieles al legado fundacional, las Misioneras de las Doctrina Cristina, los\u00a0profesores y dem\u00e1s miembros de la comunidad educativa, que componen los\u00a0centros de la Fundaci\u00f3n Educativa Doctrina Cristiana, est\u00e1n presentes y\u00a0comprometidos, en la educaci\u00f3n de aquellas personas que m\u00e1s lo necesitan.\u00a0Quieren responder, con su propuesta educativa, a las nuevas necesidades de<br \/>\nla sociedad actual.<\/li>\n<li>Los Colegios de Fundaci\u00f3n Educativa Doctrina Cristiana, cuidando y\u00a0conservando la herencia fundacional, quieren ser siempre escuelas abiertas\u00a0que generan participaci\u00f3n, encarnadas en las distintas culturas y contextos\u00a0sociales donde est\u00e1n presentes, enriqueciendo y profundizando as\u00ed el carisma\u00a0fundacional y siendo semilla de Reino en la realidad y el tiempo que les toca\u00a0vivir. La educaci\u00f3n con el carisma y la pedagog\u00eda propia ser\u00e1 la respuesta\u00a0evang\u00e9lica a los problemas del mundo de hoy.<\/li>\n<\/ul>\n<p><strong>QU\u00c9 ES SER ALUMNO\/A DE LA DOCTRINA CRISTIANA<\/strong><\/p>\n<ul>\n<li><em>Alumno protagonista de su educaci\u00f3n<\/em><br \/>\nSon los protagonistas principales de su propia formaci\u00f3n y el centro ha de ofrecerle\u00a0el contexto y \u00e1mbito para su desarrollo y madurez personal. Han de ser sujetos\u00a0activos de su proceso formativo asumiendo \u00e9l mismo con un fuerte sentido de\u00a0responsabilidad.<\/li>\n<li><em>Alumnos aut\u00f3nomos y responsables<\/em><br \/>\nHan de asumir el firme prop\u00f3sito de prepararse para la vida, de desarrollar su\u00a0vocaci\u00f3n personal y comunitaria y de madurar en todas las \u00e1reas de su\u00a0personalidad. Han de comprometerse, en la din\u00e1mica cotidiana del centro y de sus\u00a0vidas, con el valor del estudio, el af\u00e1n de superaci\u00f3n, el esp\u00edritu cr\u00edtico, las\u00a0actitudes pac\u00edficas de convivencia, la ayuda mutua, el compa\u00f1erismo y el respeto\u00a0al resto de los miembros de la Comunidad Educativa. El trabajo diario, la disciplina,<br \/>\nla perseverancia y el esfuerzo ser\u00e1n medios para el desarrollo de todas sus\u00a0potencialidades<\/li>\n<li><em>Alumnos con conciencia \u00e9tica, ecol\u00f3gica , educados en la pluralidad, en el respeto\u00a0a la diversidad<\/em><br \/>\nAsumir\u00e1n con sensibilidad social el compromiso por una sociedad abierta al\u00a0pluralismo, la comuni\u00f3n y la participaci\u00f3n; colaborando en el desarrollo de una\u00a0sociedad m\u00e1s justa, solidaria, fraterna y ecol\u00f3gica.<\/li>\n<li><em>Alumnos con identidad de la Doctrina Cristiana y con estilo de vida cristiano<\/em><br \/>\nFavorecer\u00e1n la interioridad en su crecimiento personal, la capacidad de\u00a0trascendencia, de mirada contemplativa y cr\u00edtica del mundo por su propio\u00a0enriquecimiento personal. Con sentido de pertenencia e identific\u00e1ndose con los\u00a0valores del centro ir\u00e1n configurando una vida orientada por valores morales y\u00a0\u00e9ticos que les lleven a ser personas de bien en el mundo, y buenos cristianos que\u00a0tienen el seguimiento de Jesucristo como referente existencial.<\/li>\n<li><em>Tecnolog\u00edas y metodolog\u00edas innovadoras, integradas en el aprendizaje de nuestros<\/em><br \/>\n<em>alumnos<\/em><br \/>\nAvanzar en el uso de las nuevas tecnolog\u00edas iniciando a los alumnos en su\u00a0aprendizaje desde los primeros cursos, formando al profesorado y modernizando la\u00a0gesti\u00f3n administrativa del centro.<\/li>\n<li><em>Impartir ense\u00f1anza en diferentes idiomas<\/em><br \/>\nLa ense\u00f1anza de los idiomas, no solo les prepara para la inserci\u00f3n en el mundo\u00a0laboral, sino que les posibilita la comunicaci\u00f3n en esta aldea global en la que se ha\u00a0convertido nuestro mundo.<\/li>\n<\/ul>\n<p><strong>QU\u00c9 NOS CARACTERIZA<\/strong><\/p>\n<ul>\n<li>La alegr\u00eda, el buen humor y el esp\u00edritu positivo.<\/li>\n<li>La sencillez y cercan\u00eda buscando un ambiente familiar.<\/li>\n<li>La atenci\u00f3n personalizada.<\/li>\n<li>El respeto a la diversidad.<\/li>\n<li>La entrega incondicional y fortaleza en la tarea educativa.<\/li>\n<li>La solidaridad y compromiso con los m\u00e1s desfavorecidos.<\/li>\n<li>La constante innovaci\u00f3n pedag\u00f3gica.<\/li>\n<li>La Gratitud y la confianza en la Providencia<\/li>\n<\/ul>\n","protected":false},"excerpt":{"rendered":"<p>IDENTIDAD DE NUESTRO CENTRO Ofrecer una educaci\u00f3n integral e innovadora que permita a la Persona ser\u00a0protagonista de su propia historia, disponible, sencilla, libre y cercana\u00a0participando de la Misi\u00f3n de la Iglesia Cat\u00f3lica y teniendo como referencia los\u00a0Valores del Evangelio, expresados a trav\u00e9s del Carisma de las Misioneras de la\u00a0Doctrina Cristiana. La escuela de las Misioneras de la Doctrina Cristiana Fieles al legado fundacional, las Misioneras de las Doctrina Cristina, los\u00a0profesores<\/p>\n<p><a class=\"more-link\" href=\"https:\/\/fundaciondoctrinacristiana.es\/madrid\/valores\/\">Leer m\u00e1s<\/a><\/p>\n","protected":false},"author":1,"featured_media":0,"parent":0,"menu_order":0,"comment_status":"closed","ping_status":"closed","template":"","meta":{"footnotes":""},"class_list":["post-1046","page","type-page","status-publish","hentry"],"_links":{"self":[{"href":"https:\/\/fundaciondoctrinacristiana.es\/madrid\/wp-json\/wp\/v2\/pages\/1046","targetHints":{"allow":["GET"]}}],"collection":[{"href":"https:\/\/fundaciondoctrinacristiana.es\/madrid\/wp-json\/wp\/v2\/pages"}],"about":[{"href":"https:\/\/fundaciondoctrinacristiana.es\/madrid\/wp-json\/wp\/v2\/types\/page"}],"author":[{"embeddable":true,"href":"https:\/\/fundaciondoctrinacristiana.es\/madrid\/wp-json\/wp\/v2\/users\/1"}],"replies":[{"embeddable":true,"href":"https:\/\/fundaciondoctrinacristiana.es\/madrid\/wp-json\/wp\/v2\/comments?post=1046"}],"version-history":[{"count":6,"href":"https:\/\/fundaciondoctrinacristiana.es\/madrid\/wp-json\/wp\/v2\/pages\/1046\/revisions"}],"predecessor-version":[{"id":2983,"href":"https:\/\/fundaciondoctrinacristiana.es\/madrid\/wp-json\/wp\/v2\/pages\/1046\/revisions\/2983"}],"wp:attachment":[{"href":"https:\/\/fundaciondoctrinacristiana.es\/madrid\/wp-json\/wp\/v2\/media?parent=1046"}],"curies":[{"name":"wp","href":"https:\/\/api.w.org\/{rel}","templated":true}]}}