{"id":827,"date":"2021-02-28T11:55:55","date_gmt":"2021-02-28T11:55:55","guid":{"rendered":"https:\/\/fundaciondoctrinacristiana.es\/madrid\/?page_id=827"},"modified":"2023-11-28T12:00:03","modified_gmt":"2023-11-28T11:00:03","slug":"innovacion","status":"publish","type":"page","link":"https:\/\/fundaciondoctrinacristiana.es\/madrid\/innovacion\/","title":{"rendered":"Innovaci\u00f3n"},"content":{"rendered":"<p><img fetchpriority=\"high\" decoding=\"async\" class=\"aligncenter size-medium wp-image-828\" src=\"https:\/\/fundaciondoctrinacristiana.es\/madrid\/wp-content\/uploads\/sites\/6\/2021\/02\/IMG-20181120-WA0004-300x169.jpg\" alt=\"\" width=\"300\" height=\"169\" srcset=\"https:\/\/fundaciondoctrinacristiana.es\/madrid\/wp-content\/uploads\/sites\/6\/2021\/02\/IMG-20181120-WA0004-300x169.jpg 300w, https:\/\/fundaciondoctrinacristiana.es\/madrid\/wp-content\/uploads\/sites\/6\/2021\/02\/IMG-20181120-WA0004-1024x576.jpg 1024w, https:\/\/fundaciondoctrinacristiana.es\/madrid\/wp-content\/uploads\/sites\/6\/2021\/02\/IMG-20181120-WA0004-768x432.jpg 768w, https:\/\/fundaciondoctrinacristiana.es\/madrid\/wp-content\/uploads\/sites\/6\/2021\/02\/IMG-20181120-WA0004-1536x864.jpg 1536w, https:\/\/fundaciondoctrinacristiana.es\/madrid\/wp-content\/uploads\/sites\/6\/2021\/02\/IMG-20181120-WA0004-800x450.jpg 800w, https:\/\/fundaciondoctrinacristiana.es\/madrid\/wp-content\/uploads\/sites\/6\/2021\/02\/IMG-20181120-WA0004.jpg 1599w\" sizes=\"(max-width: 300px) 100vw, 300px\" \/><\/p>\n<p>El equipo de Innovaci\u00f3n del Colegio Divino Coraz\u00f3n se enmarca dentro del Programa 43,19 de Escuelas Cat\u00f3licas de Madrid. Este programa pretende ser una gu\u00eda para aquellos centros que hayan decidido emprender un proceso de cambio.<\/p>\n<p>En este equipo est\u00e1n representadas todas las etapas educativas: Infantil, Primaria y Secundaria puesto que para cambiar el colegio necesitamos implicar a todos los miembros de nuestra comunidad.<\/p>\n<p>\u00bfY para qu\u00e9 queremos cambiar? Pues para seguir siendo los mismos. Deseamos seguir cumpliendo con la misi\u00f3n, la visi\u00f3n y los valores que nuestra congregaci\u00f3n ha defendido durante m\u00e1s de 90 a\u00f1os en el coraz\u00f3n de la Ventilla. Por esta raz\u00f3n, el colegio se erige como un agente de cambio en el barrio con distintos proyectos y colaborando con otros agentes como la Fundaci\u00f3n Entreculturas.<\/p>\n<p>El alumnado ha cambiado, los medios tecnol\u00f3gicos han revolucionado todos los aspectos de nuestra sociedad y los avances cient\u00edficos han permitido investigar en profundidad el proceso de aprendizaje. Por todo ello, hemos decidido implantar la Estimulaci\u00f3n temprana en Educaci\u00f3n Infantil y el Aprendizaje Cooperativo como metodolog\u00eda b\u00e1sica de ense\u00f1anza-aprendizaje en Educaci\u00f3n Primaria y Secundaria.<\/p>\n<p>Adem\u00e1s, el equipo es responsable de mantener al claustro en formaci\u00f3n permanente para garantizar la mejor labor docente para nuestros alumnos.<\/p>\n<h2 style=\"text-align: center\">Objetivo de innovaci\u00f3n<\/h2>\n<p dir=\"ltr\"><em>Dotar al claustro de las herramientas necesarias para la consecuci\u00f3n del objetivo so\u00f1ado. Tener implicaci\u00f3n activa en la implementaci\u00f3n de las nuevas metodolog\u00edas y aportar ideas en las l\u00edneas estrat\u00e9gicas lideradas por el equipo directivo, mostrando una actitud positiva en las acciones de cambio emprendido.<\/em><\/p>\n<h2 style=\"text-align: center\">Sue\u00f1o<\/h2>\n<p dir=\"ltr\"><em>So\u00f1amos con un colegio que sea lugar de acogida y motivo de orgullo para el barrio, so\u00f1amos un colegio que imprima los valores de nuestra congregaci\u00f3n (importancia de la educaci\u00f3n y ayuda al pr\u00f3jimo) y ofrezca una metodolog\u00eda unificada y eficaz que nos permita desarrollar con \u00e9xito nuestra misi\u00f3n, garantizando a nuestros alumnos la igualdad en el acceso de oportunidades, en su futuro personal y profesional.<\/em><\/p>\n","protected":false},"excerpt":{"rendered":"<p>El equipo de Innovaci\u00f3n del Colegio Divino Coraz\u00f3n se enmarca dentro del Programa 43,19 de Escuelas Cat\u00f3licas de Madrid. Este programa pretende ser una gu\u00eda para aquellos centros que hayan decidido emprender un proceso de cambio. En este equipo est\u00e1n representadas todas las etapas educativas: Infantil, Primaria y Secundaria puesto que para cambiar el colegio necesitamos implicar a todos los miembros de nuestra comunidad. \u00bfY para qu\u00e9 queremos cambiar? Pues<\/p>\n<p><a class=\"more-link\" href=\"https:\/\/fundaciondoctrinacristiana.es\/madrid\/innovacion\/\">Leer m\u00e1s<\/a><\/p>\n","protected":false},"author":1,"featured_media":0,"parent":0,"menu_order":0,"comment_status":"closed","ping_status":"closed","template":"","meta":{"footnotes":""},"class_list":["post-827","page","type-page","status-publish","hentry"],"_links":{"self":[{"href":"https:\/\/fundaciondoctrinacristiana.es\/madrid\/wp-json\/wp\/v2\/pages\/827","targetHints":{"allow":["GET"]}}],"collection":[{"href":"https:\/\/fundaciondoctrinacristiana.es\/madrid\/wp-json\/wp\/v2\/pages"}],"about":[{"href":"https:\/\/fundaciondoctrinacristiana.es\/madrid\/wp-json\/wp\/v2\/types\/page"}],"author":[{"embeddable":true,"href":"https:\/\/fundaciondoctrinacristiana.es\/madrid\/wp-json\/wp\/v2\/users\/1"}],"replies":[{"embeddable":true,"href":"https:\/\/fundaciondoctrinacristiana.es\/madrid\/wp-json\/wp\/v2\/comments?post=827"}],"version-history":[{"count":3,"href":"https:\/\/fundaciondoctrinacristiana.es\/madrid\/wp-json\/wp\/v2\/pages\/827\/revisions"}],"predecessor-version":[{"id":2119,"href":"https:\/\/fundaciondoctrinacristiana.es\/madrid\/wp-json\/wp\/v2\/pages\/827\/revisions\/2119"}],"wp:attachment":[{"href":"https:\/\/fundaciondoctrinacristiana.es\/madrid\/wp-json\/wp\/v2\/media?parent=827"}],"curies":[{"name":"wp","href":"https:\/\/api.w.org\/{rel}","templated":true}]}}