{"id":830,"date":"2021-02-28T11:57:33","date_gmt":"2021-02-28T11:57:33","guid":{"rendered":"https:\/\/fundaciondoctrinacristiana.es\/madrid\/?page_id=830"},"modified":"2021-02-28T11:57:33","modified_gmt":"2021-02-28T11:57:33","slug":"mediacion","status":"publish","type":"page","link":"https:\/\/fundaciondoctrinacristiana.es\/madrid\/mediacion\/","title":{"rendered":"Mediaci\u00f3n"},"content":{"rendered":"<p><b>PROGRAMA DE MEDIACI\u00d3N EN EL COLEGIO DIVINO CORAZ\u00d3N<\/b><\/p>\n<p><strong>EQUIPO CONVIVIR<\/strong><\/p>\n<p><b>JUSTIFICACI\u00d3N<\/b><\/p>\n<p><span style=\"font-weight: 400;\">La escuela, como organizaci\u00f3n social, tiene los mismos problemas que el resto de la sociedad Por lo tanto, como organizaci\u00f3n debe cuidar el propio entramado y orientar la acci\u00f3n hacia la prevenci\u00f3n de los conflictos.<\/span><\/p>\n<p><span style=\"font-weight: 400;\">Nuestro Proyecto nace de la preocupaci\u00f3n de miembros del equipo directivo de este centro, junto con otros docentes que piensan que la funci\u00f3n de las instituciones escolares no es s\u00f3lo instruir sino tambi\u00e9n formar personas. <\/span><\/p>\n<p><span style=\"font-weight: 400;\">La primera clave cuando nos empe\u00f1amos en la tarea de mejora de la convivencia fue tomar conciencia de que la convivencia es un asunto de todos, y la segunda clave y no menos importante, es que tenemos que actuar a nivel de prevenci\u00f3n. <\/span><\/p>\n<p><span style=\"font-weight: 400;\">Consideramos que la introducci\u00f3n de las t\u00e9cnicas de resoluci\u00f3n de conflictos en los centros educativos es una forma de educar en valores. Se relacionan con los temas transversales que forman parte de los Dise\u00f1os Curriculares, entre ellos la Educaci\u00f3n para la Convivencia y la Paz. <\/span><\/p>\n<p><span style=\"font-weight: 400;\">Por otra parte una de las previsiones m\u00e1s acertadas que puede hacer la escuela es la de preparar a todas las personas para afrontar constructivamente los conflictos que se les presentar\u00e1n en el curso de sus vidas. Tener capacidades para interrelacionarse con los otros es una cualidad cada vez m\u00e1s necesaria para la evoluci\u00f3n democr\u00e1tica de nuestras sociedades.<\/span><\/p>\n<p><b>2.-OBJETIVOS DEL PROGRAMA<\/b><\/p>\n<p><span style=\"font-weight: 400;\">Al elaborar este programa nos planteamos una serie de metas que han de guiar nuestras acciones para conseguir el pretendido fin de crear un clima de convivencia pac\u00edfica y positiva dentro de nuestro centro y que a continuaci\u00f3n enumeramos: <\/span><\/p>\n<ul>\n<li style=\"font-weight: 400;\"><span style=\"font-weight: 400;\">Sensibilizar al alumnado del centro para utilizar el di\u00e1logo como medio de resoluci\u00f3n de conflictos. <\/span><\/li>\n<li style=\"font-weight: 400;\"><span style=\"font-weight: 400;\">Seleccionar dentro del alumnado un grupo de estos que voluntariamente acepten desarrollar la mediaci\u00f3n dentro del centro. <\/span><\/li>\n<li style=\"font-weight: 400;\"><span style=\"font-weight: 400;\">Capacitar al alumnado para desarrollar procesos de mediaci\u00f3n de conflictos entre iguales. <\/span><\/li>\n<li style=\"font-weight: 400;\"><span style=\"font-weight: 400;\">Extender la idea dentro del centro, de lo enriquecedor que es para el alumnado a nivel personal, el adquirir habilidades para la resoluci\u00f3n pac\u00edfica de los conflictos. <\/span><\/li>\n<li style=\"font-weight: 400;\"><span style=\"font-weight: 400;\">Favorecer la participaci\u00f3n directa del alumnado en la resoluci\u00f3n de conflictos en el Centro. <\/span><\/li>\n<li style=\"font-weight: 400;\"><span style=\"font-weight: 400;\">Incrementar los valores de escucha activa, cooperaci\u00f3n, empat\u00eda; en definitiva, valores de ciudadan\u00eda para fomentar la mejora del clima en la comunidad educativa. <\/span><\/li>\n<li style=\"font-weight: 400;\"><span style=\"font-weight: 400;\">Promover la toma de decisiones de los propios alumnos en la resoluci\u00f3n de los conflictos y problemas de disciplina. <\/span><\/li>\n<li style=\"font-weight: 400;\"><span style=\"font-weight: 400;\">Contribuir a la mejora de clima de convivencia en el centro.<\/span><\/li>\n<\/ul>\n<p><b>3.-\u00bfC\u00d3MO LO LLEVAREMOS A CABO EN NUESTRO COLEGIO?<\/b><\/p>\n<ul>\n<li style=\"font-weight: 400;\"><span style=\"font-weight: 400;\">\u00a0<\/span><span style=\"font-weight: 400;\">Se crea un grupo de mediadores en conflictos, integrado por alumnado del Colegio, entre los que se encuentran alumnos del Colegio de Educaci\u00f3n Especial Nuestra Se\u00f1ora de las Victorias-AFANIAS, y apoyado por el profesorado y otros agentes educativos. <\/span><\/li>\n<li style=\"font-weight: 400;\"><span style=\"font-weight: 400;\">Se les ense\u00f1an habilidades sociales y t\u00e9cnicas para mediar en conflictos escolares. <\/span><\/li>\n<li style=\"font-weight: 400;\"><span style=\"font-weight: 400;\">Se les muestran formas de solucionar y prevenir conflictos, utilizando el di\u00e1logo. <\/span><\/li>\n<li style=\"font-weight: 400;\"><span style=\"font-weight: 400;\">Los alumnos de AFANIAS colaboran con las mediaciones sobre todo con alumnos ACNEES,ya que ellos han vivido situaciones de conflicto en centros ordinarios, adem\u00e1s de enriquecer en valores a los alumnos mediadores en la forma de abordar la discapacidad. <\/span><\/li>\n<\/ul>\n<p><span style=\"font-weight: 400;\"> El mediador es aquella persona que contribuye a disminuir las hostilidades, a mejorar que los alumnos\/as pueden afrontar sus propios conflictos y asumir su responsabilidad, es un principio b\u00e1sico en los programas de mediaci\u00f3n y de resoluci\u00f3n de conflictos<\/span><\/p>\n<ul>\n<li style=\"font-weight: 400;\"><span style=\"font-weight: 400;\">Saben escuchar a los dem\u00e1s.<\/span><\/li>\n<li style=\"font-weight: 400;\"><span style=\"font-weight: 400;\">Tienen empat\u00eda.<\/span><\/li>\n<li style=\"font-weight: 400;\"><span style=\"font-weight: 400;\">Saben guardar un secreto.<\/span><\/li>\n<li style=\"font-weight: 400;\"><span style=\"font-weight: 400;\">Crean un clima de confianza.<\/span><\/li>\n<li style=\"font-weight: 400;\"><span style=\"font-weight: 400;\">Son imparciales<\/span><\/li>\n<li style=\"font-weight: 400;\"><span style=\"font-weight: 400;\">Son voluntarios ( PROCESO DE SELECCI\u00d3N EN EL COLEGIO)<\/span><\/li>\n<li style=\"font-weight: 400;\"><span style=\"font-weight: 400;\">Son las personas que facilitan la comunicaci\u00f3n<\/span><\/li>\n<li style=\"font-weight: 400;\"><span style=\"font-weight: 400;\">Ayudan a las partes a buscar soluciones, t\u00e9cnicas de mediaci\u00f3n<\/span><\/li>\n<\/ul>\n<p><b>4.- PROCESO DE MEDIACI\u00d3N<\/b><\/p>\n<ul>\n<li style=\"font-weight: 400;\"><span style=\"font-weight: 400;\">Surge el conflicto y se decide acudir a mediaci\u00f3n.<\/span><\/li>\n<li style=\"font-weight: 400;\"><span style=\"font-weight: 400;\">Los mediadores estudian el conflicto, y escuchan a cada una de las partes: cu\u00e9ntame.<\/span><\/li>\n<li style=\"font-weight: 400;\"><span style=\"font-weight: 400;\">Re\u00fanen a ambas para hablar:<\/span><span style=\"font-weight: 400;\"><br \/>\n<\/span><span style=\"font-weight: 400;\"> \u00a0\u00a0\u00a0&#8211; Explican las normas.<\/span><span style=\"font-weight: 400;\"><br \/>\n<\/span><span style=\"font-weight: 400;\"> \u00a0\u00a0\u00a0&#8211; Identifican los intereses.<\/span><span style=\"font-weight: 400;\"><br \/>\n<\/span><span style=\"font-weight: 400;\"> \u00a0\u00a0\u00a0&#8211; Buscan las soluciones.<\/span><\/li>\n<\/ul>\n<p>&nbsp;<\/p>\n<p><img fetchpriority=\"high\" decoding=\"async\" class=\"aligncenter size-medium wp-image-831\" src=\"https:\/\/fundaciondoctrinacristiana.es\/madrid\/wp-content\/uploads\/sites\/6\/2021\/02\/Copia-de-IMG-20190307-WA0003-300x169.jpg\" alt=\"\" width=\"300\" height=\"169\" srcset=\"https:\/\/fundaciondoctrinacristiana.es\/madrid\/wp-content\/uploads\/sites\/6\/2021\/02\/Copia-de-IMG-20190307-WA0003-300x169.jpg 300w, https:\/\/fundaciondoctrinacristiana.es\/madrid\/wp-content\/uploads\/sites\/6\/2021\/02\/Copia-de-IMG-20190307-WA0003-1024x576.jpg 1024w, https:\/\/fundaciondoctrinacristiana.es\/madrid\/wp-content\/uploads\/sites\/6\/2021\/02\/Copia-de-IMG-20190307-WA0003-768x432.jpg 768w, https:\/\/fundaciondoctrinacristiana.es\/madrid\/wp-content\/uploads\/sites\/6\/2021\/02\/Copia-de-IMG-20190307-WA0003-1536x864.jpg 1536w, https:\/\/fundaciondoctrinacristiana.es\/madrid\/wp-content\/uploads\/sites\/6\/2021\/02\/Copia-de-IMG-20190307-WA0003-800x450.jpg 800w, https:\/\/fundaciondoctrinacristiana.es\/madrid\/wp-content\/uploads\/sites\/6\/2021\/02\/Copia-de-IMG-20190307-WA0003.jpg 1600w\" sizes=\"(max-width: 300px) 100vw, 300px\" \/><\/p>\n<p>&nbsp;<\/p>\n","protected":false},"excerpt":{"rendered":"<p>PROGRAMA DE MEDIACI\u00d3N EN EL COLEGIO DIVINO CORAZ\u00d3N EQUIPO CONVIVIR JUSTIFICACI\u00d3N La escuela, como organizaci\u00f3n social, tiene los mismos problemas que el resto de la sociedad Por lo tanto, como organizaci\u00f3n debe cuidar el propio entramado y orientar la acci\u00f3n hacia la prevenci\u00f3n de los conflictos. Nuestro Proyecto nace de la preocupaci\u00f3n de miembros del equipo directivo de este centro, junto con otros docentes que piensan que la funci\u00f3n de<\/p>\n<p><a class=\"more-link\" href=\"https:\/\/fundaciondoctrinacristiana.es\/madrid\/mediacion\/\">Leer m\u00e1s<\/a><\/p>\n","protected":false},"author":1,"featured_media":0,"parent":0,"menu_order":0,"comment_status":"closed","ping_status":"closed","template":"","meta":{"footnotes":""},"class_list":["post-830","page","type-page","status-publish","hentry"],"_links":{"self":[{"href":"https:\/\/fundaciondoctrinacristiana.es\/madrid\/wp-json\/wp\/v2\/pages\/830","targetHints":{"allow":["GET"]}}],"collection":[{"href":"https:\/\/fundaciondoctrinacristiana.es\/madrid\/wp-json\/wp\/v2\/pages"}],"about":[{"href":"https:\/\/fundaciondoctrinacristiana.es\/madrid\/wp-json\/wp\/v2\/types\/page"}],"author":[{"embeddable":true,"href":"https:\/\/fundaciondoctrinacristiana.es\/madrid\/wp-json\/wp\/v2\/users\/1"}],"replies":[{"embeddable":true,"href":"https:\/\/fundaciondoctrinacristiana.es\/madrid\/wp-json\/wp\/v2\/comments?post=830"}],"version-history":[{"count":0,"href":"https:\/\/fundaciondoctrinacristiana.es\/madrid\/wp-json\/wp\/v2\/pages\/830\/revisions"}],"wp:attachment":[{"href":"https:\/\/fundaciondoctrinacristiana.es\/madrid\/wp-json\/wp\/v2\/media?parent=830"}],"curies":[{"name":"wp","href":"https:\/\/api.w.org\/{rel}","templated":true}]}}

Mediación

<p><b>PROGRAMA DE MEDIACIÓN EN EL COLEGIO DIVINO CORAZÓN</b></p>
<p><strong>EQUIPO CONVIVIR</strong></p>
<p><b>JUSTIFICACIÓN</b></p>
<p><span style="font-weight: 400;">La escuela, como organización social, tiene los mismos problemas que el resto de la sociedad Por lo tanto, como organización debe cuidar el propio entramado y orientar la acción hacia la prevención de los conflictos.</span></p>
<p><span style="font-weight: 400;">Nuestro Proyecto nace de la preocupación de miembros del equipo directivo de este centro, junto con otros docentes que piensan que la función de las instituciones escolares no es sólo instruir sino también formar personas. </span></p>
<p><span style="font-weight: 400;">La primera clave cuando nos empeñamos en la tarea de mejora de la convivencia fue tomar conciencia de que la convivencia es un asunto de todos, y la segunda clave y no menos importante, es que tenemos que actuar a nivel de prevención. </span></p>
<p><span style="font-weight: 400;">Consideramos que la introducción de las técnicas de resolución de conflictos en los centros educativos es una forma de educar en valores. Se relacionan con los temas transversales que forman parte de los Diseños Curriculares, entre ellos la Educación para la Convivencia y la Paz. </span></p>
<p><span style="font-weight: 400;">Por otra parte una de las previsiones más acertadas que puede hacer la escuela es la de preparar a todas las personas para afrontar constructivamente los conflictos que se les presentarán en el curso de sus vidas. Tener capacidades para interrelacionarse con los otros es una cualidad cada vez más necesaria para la evolución democrática de nuestras sociedades.</span></p>
<p><b>2.-OBJETIVOS DEL PROGRAMA</b></p>
<p><span style="font-weight: 400;">Al elaborar este programa nos planteamos una serie de metas que han de guiar nuestras acciones para conseguir el pretendido fin de crear un clima de convivencia pacífica y positiva dentro de nuestro centro y que a continuación enumeramos: </span></p>
<ul>
<li style="font-weight: 400;"><span style="font-weight: 400;">Sensibilizar al alumnado del centro para utilizar el diálogo como medio de resolución de conflictos. </span></li>
<li style="font-weight: 400;"><span style="font-weight: 400;">Seleccionar dentro del alumnado un grupo de estos que voluntariamente acepten desarrollar la mediación dentro del centro. </span></li>
<li style="font-weight: 400;"><span style="font-weight: 400;">Capacitar al alumnado para desarrollar procesos de mediación de conflictos entre iguales. </span></li>
<li style="font-weight: 400;"><span style="font-weight: 400;">Extender la idea dentro del centro, de lo enriquecedor que es para el alumnado a nivel personal, el adquirir habilidades para la resolución pacífica de los conflictos. </span></li>
<li style="font-weight: 400;"><span style="font-weight: 400;">Favorecer la participación directa del alumnado en la resolución de conflictos en el Centro. </span></li>
<li style="font-weight: 400;"><span style="font-weight: 400;">Incrementar los valores de escucha activa, cooperación, empatía; en definitiva, valores de ciudadanía para fomentar la mejora del clima en la comunidad educativa. </span></li>
<li style="font-weight: 400;"><span style="font-weight: 400;">Promover la toma de decisiones de los propios alumnos en la resolución de los conflictos y problemas de disciplina. </span></li>
<li style="font-weight: 400;"><span style="font-weight: 400;">Contribuir a la mejora de clima de convivencia en el centro.</span></li>
</ul>
<p><b>3.-¿CÓMO LO LLEVAREMOS A CABO EN NUESTRO COLEGIO?</b></p>
<ul>
<li style="font-weight: 400;"><span style="font-weight: 400;"> </span><span style="font-weight: 400;">Se crea un grupo de mediadores en conflictos, integrado por alumnado del Colegio, entre los que se encuentran alumnos del Colegio de Educación Especial Nuestra Señora de las Victorias-AFANIAS, y apoyado por el profesorado y otros agentes educativos. </span></li>
<li style="font-weight: 400;"><span style="font-weight: 400;">Se les enseñan habilidades sociales y técnicas para mediar en conflictos escolares. </span></li>
<li style="font-weight: 400;"><span style="font-weight: 400;">Se les muestran formas de solucionar y prevenir conflictos, utilizando el diálogo. </span></li>
<li style="font-weight: 400;"><span style="font-weight: 400;">Los alumnos de AFANIAS colaboran con las mediaciones sobre todo con alumnos ACNEES,ya que ellos han vivido situaciones de conflicto en centros ordinarios, además de enriquecer en valores a los alumnos mediadores en la forma de abordar la discapacidad. </span></li>
</ul>
<p><span style="font-weight: 400;"> El mediador es aquella persona que contribuye a disminuir las hostilidades, a mejorar que los alumnos/as pueden afrontar sus propios conflictos y asumir su responsabilidad, es un principio básico en los programas de mediación y de resolución de conflictos</span></p>
<ul>
<li style="font-weight: 400;"><span style="font-weight: 400;">Saben escuchar a los demás.</span></li>
<li style="font-weight: 400;"><span style="font-weight: 400;">Tienen empatía.</span></li>
<li style="font-weight: 400;"><span style="font-weight: 400;">Saben guardar un secreto.</span></li>
<li style="font-weight: 400;"><span style="font-weight: 400;">Crean un clima de confianza.</span></li>
<li style="font-weight: 400;"><span style="font-weight: 400;">Son imparciales</span></li>
<li style="font-weight: 400;"><span style="font-weight: 400;">Son voluntarios ( PROCESO DE SELECCIÓN EN EL COLEGIO)</span></li>
<li style="font-weight: 400;"><span style="font-weight: 400;">Son las personas que facilitan la comunicación</span></li>
<li style="font-weight: 400;"><span style="font-weight: 400;">Ayudan a las partes a buscar soluciones, técnicas de mediación</span></li>
</ul>
<p><b>4.- PROCESO DE MEDIACIÓN</b></p>
<ul>
<li style="font-weight: 400;"><span style="font-weight: 400;">Surge el conflicto y se decide acudir a mediación.</span></li>
<li style="font-weight: 400;"><span style="font-weight: 400;">Los mediadores estudian el conflicto, y escuchan a cada una de las partes: cuéntame.</span></li>
<li style="font-weight: 400;"><span style="font-weight: 400;">Reúnen a ambas para hablar:</span><span style="font-weight: 400;"><br />
</span><span style="font-weight: 400;">    &#8211; Explican las normas.</span><span style="font-weight: 400;"><br />
</span><span style="font-weight: 400;">    &#8211; Identifican los intereses.</span><span style="font-weight: 400;"><br />
</span><span style="font-weight: 400;">    &#8211; Buscan las soluciones.</span></li>
</ul>
<p>&nbsp;</p>
<p><img fetchpriority="high" decoding="async" class="aligncenter size-medium wp-image-831" src="https://fundaciondoctrinacristiana.es/madrid/wp-content/uploads/sites/6/2021/02/Copia-de-IMG-20190307-WA0003-300x169.jpg" alt="" width="300" height="169" srcset="https://fundaciondoctrinacristiana.es/madrid/wp-content/uploads/sites/6/2021/02/Copia-de-IMG-20190307-WA0003-300x169.jpg 300w, https://fundaciondoctrinacristiana.es/madrid/wp-content/uploads/sites/6/2021/02/Copia-de-IMG-20190307-WA0003-1024x576.jpg 1024w, https://fundaciondoctrinacristiana.es/madrid/wp-content/uploads/sites/6/2021/02/Copia-de-IMG-20190307-WA0003-768x432.jpg 768w, https://fundaciondoctrinacristiana.es/madrid/wp-content/uploads/sites/6/2021/02/Copia-de-IMG-20190307-WA0003-1536x864.jpg 1536w, https://fundaciondoctrinacristiana.es/madrid/wp-content/uploads/sites/6/2021/02/Copia-de-IMG-20190307-WA0003-800x450.jpg 800w, https://fundaciondoctrinacristiana.es/madrid/wp-content/uploads/sites/6/2021/02/Copia-de-IMG-20190307-WA0003.jpg 1600w" sizes="(max-width: 300px) 100vw, 300px" /></p>
<p>&nbsp;</p>

<p>PROGRAMA DE MEDIACIÓN EN EL COLEGIO DIVINO CORAZÓN EQUIPO CONVIVIR JUSTIFICACIÓN La escuela, como organización social, tiene los mismos problemas que el resto de la sociedad Por lo tanto, como organización debe cuidar el propio entramado y orientar la acción hacia la prevención de los conflictos. Nuestro Proyecto nace de la preocupación de miembros del equipo directivo de este centro, junto con otros docentes que piensan que la función de</p>
<p><a class="more-link" href="https://fundaciondoctrinacristiana.es/madrid/mediacion/">Leer más</a></p>
