{"id":56,"date":"2021-03-05T15:35:23","date_gmt":"2021-03-05T15:35:23","guid":{"rendered":"https:\/\/fundaciondoctrinacristiana.es\/rinconada\/?page_id=56"},"modified":"2025-10-06T20:50:36","modified_gmt":"2025-10-06T18:50:36","slug":"infantil","status":"publish","type":"page","link":"https:\/\/fundaciondoctrinacristiana.es\/rinconada\/infantil\/","title":{"rendered":"INFANTIL"},"content":{"rendered":"<p>La finalidad de la Educaci\u00f3n Infantil es contribuir al\u00a0desarrollo integral y arm\u00f3nico del alumnado\u00a0en todas sus dimensiones:\u00a0f\u00edsica, emocional, sexual, afectiva, social, cognitiva y art\u00edstica, potenciando la autonom\u00eda personal y la creaci\u00f3n progresiva de una imagen positiva y equilibrada de s\u00ed mismos, as\u00ed como a la educaci\u00f3n en valores c\u00edvicos para la convivencia.<\/p>\n<div class=\"cte\">\n<p class=\"ta-center\"><img fetchpriority=\"high\" decoding=\"async\" class=\" wp-image-591 alignright\" src=\"https:\/\/fundaciondoctrinacristiana.es\/rinconada\/wp-content\/uploads\/sites\/3\/2023\/10\/IMG_20230926_100153-3-scaled.jpg\" alt=\"\" width=\"454\" height=\"340\" srcset=\"https:\/\/fundaciondoctrinacristiana.es\/rinconada\/wp-content\/uploads\/sites\/3\/2023\/10\/IMG_20230926_100153-3-scaled.jpg 2560w, https:\/\/fundaciondoctrinacristiana.es\/rinconada\/wp-content\/uploads\/sites\/3\/2023\/10\/IMG_20230926_100153-3-300x224.jpg 300w, https:\/\/fundaciondoctrinacristiana.es\/rinconada\/wp-content\/uploads\/sites\/3\/2023\/10\/IMG_20230926_100153-3-1024x766.jpg 1024w, https:\/\/fundaciondoctrinacristiana.es\/rinconada\/wp-content\/uploads\/sites\/3\/2023\/10\/IMG_20230926_100153-3-768x575.jpg 768w, https:\/\/fundaciondoctrinacristiana.es\/rinconada\/wp-content\/uploads\/sites\/3\/2023\/10\/IMG_20230926_100153-3-1536x1149.jpg 1536w, https:\/\/fundaciondoctrinacristiana.es\/rinconada\/wp-content\/uploads\/sites\/3\/2023\/10\/IMG_20230926_100153-3-2048x1532.jpg 2048w, https:\/\/fundaciondoctrinacristiana.es\/rinconada\/wp-content\/uploads\/sites\/3\/2023\/10\/IMG_20230926_100153-3-800x599.jpg 800w, https:\/\/fundaciondoctrinacristiana.es\/rinconada\/wp-content\/uploads\/sites\/3\/2023\/10\/IMG_20230926_100153-3-400x300.jpg 400w\" sizes=\"(max-width: 454px) 100vw, 454px\" \/>La Educaci\u00f3n Infantil contribuir\u00e1 a desarrollar en los ni\u00f1os y las ni\u00f1as las capacidades que les permitan:<\/p>\n<\/div>\n<div class=\"ccol-2\">\n<div class=\"col fondo alerta\">\n<div class=\"cte\">\n<ul>\n<li>Conocer su propio cuerpo y el de los otros, as\u00ed como sus posibilidades de acci\u00f3n y aprender a respetar las diferencias.<\/li>\n<li>Observar y explorar su entorno familiar, natural y social.<\/li>\n<li>Adquirir progresivamente autonom\u00eda en sus actividades habituales.<\/li>\n<li>Desarrollar sus capacidades emocionales y afectivas.<\/li>\n<li>Relacionarse con los dem\u00e1s en igualdad y adquirir progresivamente pautas elementales de convivencia y relaci\u00f3n social, as\u00ed como ejercitarse en el uso de la empat\u00eda y la resoluci\u00f3n pac\u00edfica de conflictos, evitando cualquier tipo de violencia.<\/li>\n<li>Desarrollar habilidades comunicativas en diferentes lenguajes y formas de expresi\u00f3n.<\/li>\n<li>Iniciarse en las habilidades l\u00f3gico-matem\u00e1ticas, en la lectura y la escritura, y en el movimiento, el gesto y el ritmo.<\/li>\n<li>Promover, aplicar y desarrollar las normas sociales que fomentan la igualdad entre hombres y mujeres.<\/li>\n<\/ul>\n<\/div>\n<\/div>\n<\/div>\n<p>&nbsp;<\/p>\n","protected":false},"excerpt":{"rendered":"<p>La finalidad de la Educaci\u00f3n Infantil es contribuir al\u00a0desarrollo integral y arm\u00f3nico del alumnado\u00a0en todas sus dimensiones:\u00a0f\u00edsica, emocional, sexual, afectiva, social, cognitiva y art\u00edstica, potenciando la autonom\u00eda personal y la creaci\u00f3n progresiva de una imagen positiva y equilibrada de s\u00ed mismos, as\u00ed como a la educaci\u00f3n en valores c\u00edvicos para la convivencia. La Educaci\u00f3n Infantil contribuir\u00e1 a desarrollar en los ni\u00f1os y las ni\u00f1as las capacidades que les permitan: Conocer<\/p>\n<p><a class=\"more-link\" href=\"https:\/\/fundaciondoctrinacristiana.es\/rinconada\/infantil\/\">Leer m\u00e1s<\/a><\/p>\n","protected":false},"author":1,"featured_media":0,"parent":0,"menu_order":0,"comment_status":"closed","ping_status":"closed","template":"","meta":{"footnotes":""},"class_list":["post-56","page","type-page","status-publish","hentry"],"_links":{"self":[{"href":"https:\/\/fundaciondoctrinacristiana.es\/rinconada\/wp-json\/wp\/v2\/pages\/56","targetHints":{"allow":["GET"]}}],"collection":[{"href":"https:\/\/fundaciondoctrinacristiana.es\/rinconada\/wp-json\/wp\/v2\/pages"}],"about":[{"href":"https:\/\/fundaciondoctrinacristiana.es\/rinconada\/wp-json\/wp\/v2\/types\/page"}],"author":[{"embeddable":true,"href":"https:\/\/fundaciondoctrinacristiana.es\/rinconada\/wp-json\/wp\/v2\/users\/1"}],"replies":[{"embeddable":true,"href":"https:\/\/fundaciondoctrinacristiana.es\/rinconada\/wp-json\/wp\/v2\/comments?post=56"}],"version-history":[{"count":3,"href":"https:\/\/fundaciondoctrinacristiana.es\/rinconada\/wp-json\/wp\/v2\/pages\/56\/revisions"}],"predecessor-version":[{"id":821,"href":"https:\/\/fundaciondoctrinacristiana.es\/rinconada\/wp-json\/wp\/v2\/pages\/56\/revisions\/821"}],"wp:attachment":[{"href":"https:\/\/fundaciondoctrinacristiana.es\/rinconada\/wp-json\/wp\/v2\/media?parent=56"}],"curies":[{"name":"wp","href":"https:\/\/api.w.org\/{rel}","templated":true}]}}