{"id":62,"date":"2021-03-05T15:38:40","date_gmt":"2021-03-05T15:38:40","guid":{"rendered":"https:\/\/fundaciondoctrinacristiana.es\/rinconada\/?page_id=62"},"modified":"2023-09-07T12:01:19","modified_gmt":"2023-09-07T10:01:19","slug":"pasen","status":"publish","type":"page","link":"https:\/\/fundaciondoctrinacristiana.es\/rinconada\/pasen\/","title":{"rendered":"iPASEN"},"content":{"rendered":"<table style=\"width: 100%;border-collapse: collapse\" border=\"0\">\n<tbody>\n<tr style=\"height: 384px;border-style: none\">\n<td style=\"width: 34.32%;height: 384px\">\n<p>&nbsp;<\/p>\n<p>La aplicaci\u00f3n web Pasen, o la aplicaci\u00f3n iPasen para dispositivos m\u00f3viles, permite la <strong>comunicaci\u00f3n entre los centros educativos y las familias<\/strong>, ofreciendo una serie de funcionalidades como son la consulta de:<\/p>\n<ul>\n<li>Datos del centro educativo<\/li>\n<li>Horario escolar<\/li>\n<li>Calendario escolar<\/li>\n<li>Faltas de asistencia<\/li>\n<li>Calificaciones<\/li>\n<li>Recepci\u00f3n de avisos por notificaciones<\/li>\n<\/ul>\n<p>&nbsp;<\/p>\n<p><a href=\"https:\/\/drive.google.com\/file\/d\/1Vp_PjrXNcHhC4NltZVijzfp0X9VrymlB\/view?usp=sharing\" target=\"_blank\" rel=\"noopener noreferrer\">Manual del usuario para tutores\/as legal del sistema PASEN (pinche aqu\u00ed)<\/a><\/td>\n<td style=\"width: 87.9604%;height: 384px\">\n<p>&nbsp;<\/p>\n<p><img fetchpriority=\"high\" decoding=\"async\" class=\"aligncenter size-full wp-image-63\" src=\"https:\/\/fundaciondoctrinacristiana.es\/rinconada\/wp-content\/uploads\/sites\/3\/2021\/03\/PASEN.png\" alt=\"\" width=\"800\" height=\"800\" srcset=\"https:\/\/fundaciondoctrinacristiana.es\/rinconada\/wp-content\/uploads\/sites\/3\/2021\/03\/PASEN.png 800w, https:\/\/fundaciondoctrinacristiana.es\/rinconada\/wp-content\/uploads\/sites\/3\/2021\/03\/PASEN-300x300.png 300w, https:\/\/fundaciondoctrinacristiana.es\/rinconada\/wp-content\/uploads\/sites\/3\/2021\/03\/PASEN-150x150.png 150w, https:\/\/fundaciondoctrinacristiana.es\/rinconada\/wp-content\/uploads\/sites\/3\/2021\/03\/PASEN-768x768.png 768w, https:\/\/fundaciondoctrinacristiana.es\/rinconada\/wp-content\/uploads\/sites\/3\/2021\/03\/PASEN-250x250.png 250w\" sizes=\"(max-width: 800px) 100vw, 800px\" \/><\/td>\n<\/tr>\n<\/tbody>\n<\/table>\n<h1>Alta en el sistema PASEN<\/h1>\n<p>Est\u00e1 disponible un procedimiento de \u00abautologin\u00bb para usuarios con perfiles tutor\/a legal mediante el cual cualquier padre\/madre\/tutor\/a legal puede obtener las credenciales de acceso a PASEN.<\/p>\n<p>Para realizar el \u00abautologin\u00bb a trav\u00e9s de la aplicaci\u00f3n web o de la app iPasen, las familias deber\u00e1n pinchar en el enlace &#8216;No tengo acceso&#8217; de la pantalla de login. Se requerir\u00e1n tres datos: El NIF, una fecha de nacimiento (de algunos de sus hijos\/as o la suya propia) y un n\u00famero de tel\u00e9fono m\u00f3vil donde recibir\u00e1 por SMS las credenciales. Este \u00faltimo deber\u00e1 coincidir con el que consta en S\u00e9neca para los tutores legales o para el alumnado.<\/p>\n<p><strong>Aplicaci\u00f3n web:<\/strong><br \/>\n<a href=\"https:\/\/www.youtube.com\/watch?v=3z6eWjQWnuc\" target=\"_blank\" rel=\"noopener noreferrer\">Videotutorial para \u00abautologin\u00bb a pasen mediante navegador web (pinche aqu\u00ed)<\/a><br \/>\n<a href=\"https:\/\/www.juntadeandalucia.es\/educacion\/portalseneca\/web\/pasen\/inicio\" target=\"_blank\" rel=\"noopener noreferrer\">Acceso a portal (pinche aqu\u00ed)<\/a><\/p>\n<p><strong>Aplicaci\u00f3n m\u00f3vil:<\/strong><br \/>\n<a href=\"https:\/\/www.youtube.com\/watch?v=cHLova48ULE\" target=\"_blank\" rel=\"noopener noreferrer\">Videotutorial para \u00abautologin\u00bb a pasen mediante aplicaci\u00f3n m\u00f3vil (pinche aqu\u00ed)<\/a><br \/>\n<a href=\"https:\/\/play.google.com\/store\/apps\/details?id=juntadeandalucia.ced.pasen\" target=\"_blank\" rel=\"noopener noreferrer\">Acceso aplicaci\u00f3n android<\/a><br \/>\n<a href=\"https:\/\/itunes.apple.com\/es\/app\/ipasen\/id511127024?l=en&amp;mt=8\" target=\"_blank\" rel=\"noopener noreferrer\">Acceso aplicaci\u00f3n iOS<\/a><\/p>\n","protected":false},"excerpt":{"rendered":"<p>&nbsp; La aplicaci\u00f3n web Pasen, o la aplicaci\u00f3n iPasen para dispositivos m\u00f3viles, permite la comunicaci\u00f3n entre los centros educativos y las familias, ofreciendo una serie de funcionalidades como son la consulta de: Datos del centro educativo Horario escolar Calendario escolar Faltas de asistencia Calificaciones Recepci\u00f3n de avisos por notificaciones &nbsp; Manual del usuario para tutores\/as legal del sistema PASEN (pinche aqu\u00ed) &nbsp; Alta en el sistema PASEN Est\u00e1 disponible un<\/p>\n<p><a class=\"more-link\" href=\"https:\/\/fundaciondoctrinacristiana.es\/rinconada\/pasen\/\">Leer m\u00e1s<\/a><\/p>\n","protected":false},"author":1,"featured_media":0,"parent":0,"menu_order":0,"comment_status":"closed","ping_status":"closed","template":"","meta":{"footnotes":""},"class_list":["post-62","page","type-page","status-publish","hentry"],"_links":{"self":[{"href":"https:\/\/fundaciondoctrinacristiana.es\/rinconada\/wp-json\/wp\/v2\/pages\/62","targetHints":{"allow":["GET"]}}],"collection":[{"href":"https:\/\/fundaciondoctrinacristiana.es\/rinconada\/wp-json\/wp\/v2\/pages"}],"about":[{"href":"https:\/\/fundaciondoctrinacristiana.es\/rinconada\/wp-json\/wp\/v2\/types\/page"}],"author":[{"embeddable":true,"href":"https:\/\/fundaciondoctrinacristiana.es\/rinconada\/wp-json\/wp\/v2\/users\/1"}],"replies":[{"embeddable":true,"href":"https:\/\/fundaciondoctrinacristiana.es\/rinconada\/wp-json\/wp\/v2\/comments?post=62"}],"version-history":[{"count":0,"href":"https:\/\/fundaciondoctrinacristiana.es\/rinconada\/wp-json\/wp\/v2\/pages\/62\/revisions"}],"wp:attachment":[{"href":"https:\/\/fundaciondoctrinacristiana.es\/rinconada\/wp-json\/wp\/v2\/media?parent=62"}],"curies":[{"name":"wp","href":"https:\/\/api.w.org\/{rel}","templated":true}]}}