{"id":226,"date":"2021-02-17T05:45:22","date_gmt":"2021-02-17T05:45:22","guid":{"rendered":"https:\/\/fundaciondoctrinacristiana.es\/sevilla\/?page_id=226"},"modified":"2025-06-09T18:29:25","modified_gmt":"2025-06-09T16:29:25","slug":"secretaria-administracion","status":"publish","type":"page","link":"https:\/\/fundaciondoctrinacristiana.es\/sevilla\/secretaria-administracion\/","title":{"rendered":"Secretar\u00eda-Administraci\u00f3n"},"content":{"rendered":"<p><img fetchpriority=\"high\" decoding=\"async\" class=\"aligncenter size-full wp-image-227\" src=\"https:\/\/fundaciondoctrinacristiana.es\/sevilla\/wp-content\/uploads\/sites\/2\/2021\/02\/pexels-photo-326522-1024x683-1.jpeg\" alt=\"\" width=\"1024\" height=\"683\" srcset=\"https:\/\/fundaciondoctrinacristiana.es\/sevilla\/wp-content\/uploads\/sites\/2\/2021\/02\/pexels-photo-326522-1024x683-1.jpeg 1024w, https:\/\/fundaciondoctrinacristiana.es\/sevilla\/wp-content\/uploads\/sites\/2\/2021\/02\/pexels-photo-326522-1024x683-1-300x200.jpeg 300w, https:\/\/fundaciondoctrinacristiana.es\/sevilla\/wp-content\/uploads\/sites\/2\/2021\/02\/pexels-photo-326522-1024x683-1-768x512.jpeg 768w, https:\/\/fundaciondoctrinacristiana.es\/sevilla\/wp-content\/uploads\/sites\/2\/2021\/02\/pexels-photo-326522-1024x683-1-800x534.jpeg 800w\" sizes=\"(max-width: 1024px) 100vw, 1024px\" \/><\/p>\n<p>El horario de atenci\u00f3n al p\u00fablico de Secretar\u00eda es:<\/p>\n<ul>\n<li><strong>SEPTIEMBRE Y JUNIO:<\/strong>\n<ul>\n<li style=\"list-style-type: none\">\n<ul>\n<li>de lunes a viernes de 08h a 10h<\/li>\n<\/ul>\n<\/li>\n<\/ul>\n<\/li>\n<li><strong>DE OCTUBRE A MAYO:<\/strong>\n<ul>\n<li style=\"list-style-type: none\">\n<ul>\n<li>de lunes a viernes de 08h a 10h<\/li>\n<li>martes de 15:30h a 16:45h<\/li>\n<li>jueves de 15:30h a 16:45h<\/li>\n<\/ul>\n<\/li>\n<\/ul>\n<\/li>\n<\/ul>\n<p>&nbsp;<\/p>\n<p style=\"text-align: center\"><a href=\"http:\/\/35.204.18.145\/2020\/02\/16\/escolarizacion-20-21\/\" target=\"_blank\" rel=\"noopener noreferrer\"><span style=\"color: #ff0000\">INFORMACI\u00d3N ESCOLARIZACI\u00d3N<\/span><\/a><\/p>\n<hr \/>\n<h1>Impresos de matr\u00edcula para infantil, primaria y ESO.<\/h1>\n<p><a href=\"https:\/\/fundaciondoctrinacristiana.es\/sevilla\/wp-content\/uploads\/sites\/2\/2025\/06\/Anexo-IV_-Impreso-Matricula-Infantil.pdf\">Anexo IV_ Impreso Matr\u00edcula Infantil<\/a><\/p>\n<p><a href=\"https:\/\/fundaciondoctrinacristiana.es\/sevilla\/wp-content\/uploads\/sites\/2\/2025\/06\/Anexo-V_Impreso-Matricula-Primaria.pdf\">Anexo V_Impreso Matr\u00edcula Primaria<\/a><\/p>\n<p><a href=\"https:\/\/fundaciondoctrinacristiana.es\/sevilla\/wp-content\/uploads\/sites\/2\/2025\/06\/Anexo-VII_Impreso-Matricula-ESO.pdf\">Anexo VII_Impreso Matr\u00edcula ESO<\/a><\/p>\n<p><strong>Otros documentos<\/strong><\/p>\n<ul>\n<li><a href=\"https:\/\/drive.google.com\/file\/d\/1MU6e54GV7pugF9xtDz6hoIHOsJ-mXxBw\/view?usp=sharing\" target=\"_blank\" rel=\"noopener\">Anexo III. Solicitud de centro (escolarizaci\u00f3n marzo)<\/a><\/li>\n<li><a href=\"https:\/\/drive.google.com\/file\/d\/1Ncm__T2iYzXGoMAU3npHgPpEgSaqaBwm\/view?usp=sharing\" target=\"_blank\" rel=\"noopener\">Anexo IX. Solicitud de centro extempor\u00e1nea.<\/a><\/li>\n<li><a href=\"https:\/\/drive.google.com\/file\/d\/1OvZRT-Fb-V3stPbMeB5R9TVhY51FOFoo\/view?usp=sharing\" target=\"_blank\" rel=\"noopener noreferrer\">Domiciliaci\u00f3n bancaria para actividades extraescolares, comedor y\/o aula matinal.<\/a><\/li>\n<li><a href=\"https:\/\/drive.google.com\/file\/d\/1hKDWVH_2gPXCIp3-dZX0asBISmt20OaI\/view?usp=sharing\" target=\"_blank\" rel=\"noopener noreferrer\">Domiciliaci\u00f3n bancaria socio colaborador Fundaci\u00f3n<\/a><\/li>\n<li><a href=\"https:\/\/drive.google.com\/file\/d\/1OPaafUrg85dmrqAqEZ5DeIUOnx_oExgt\/view?usp=sharing\" target=\"_blank\" rel=\"noopener noreferrer\">Solicitud de afiliaci\u00f3n a la Asociaci\u00f3n de Madres y Padres de Alumnos (A.M.P.A.)<\/a><\/li>\n<li><a href=\"https:\/\/drive.google.com\/file\/d\/14MgzdlcJuZ4dAkdahmhpkA9Cf9LabW6e\/view?usp=sharing\" target=\"_blank\" rel=\"noopener noreferrer\">Hoja de reclamaci\u00f3n<\/a><\/li>\n<\/ul>\n<h2>Tr\u00e1mites online<\/h2>\n<ul>\n<li><a href=\"https:\/\/docs.google.com\/forms\/d\/e\/1FAIpQLSflmTNLmd0a_GMEzpNDSXxeMTDlF8pP8iQWsfPi9HWacJTxJw\/viewform?usp=sf_link\" target=\"_blank\" rel=\"noopener noreferrer\">Solicitud de <strong>ALTA<\/strong> para los servicios del colegio\u00a0<\/a><\/li>\n<li><a href=\"https:\/\/docs.google.com\/forms\/d\/e\/1FAIpQLSfC0DCnPPBhGOlch5Co5gg5cflLZw-UbibH0Gpc0XC9YfQjZw\/viewform?usp=sf_link\" target=\"_blank\" rel=\"noopener noreferrer\">Solicitud de <strong>BAJA<\/strong> para los servicios del colegio<\/a><\/li>\n<\/ul>\n","protected":false},"excerpt":{"rendered":"<p>El horario de atenci\u00f3n al p\u00fablico de Secretar\u00eda es: SEPTIEMBRE Y JUNIO: de lunes a viernes de 08h a 10h DE OCTUBRE A MAYO: de lunes a viernes de 08h a 10h martes de 15:30h a 16:45h jueves de 15:30h a 16:45h &nbsp; INFORMACI\u00d3N ESCOLARIZACI\u00d3N Impresos de matr\u00edcula para infantil, primaria y ESO. Anexo IV_ Impreso Matr\u00edcula Infantil Anexo V_Impreso Matr\u00edcula Primaria Anexo VII_Impreso Matr\u00edcula ESO Otros documentos Anexo III.<\/p>\n<p><a class=\"more-link\" href=\"https:\/\/fundaciondoctrinacristiana.es\/sevilla\/secretaria-administracion\/\">Leer m\u00e1s<\/a><\/p>\n","protected":false},"author":1,"featured_media":0,"parent":0,"menu_order":0,"comment_status":"closed","ping_status":"closed","template":"","meta":{"footnotes":""},"class_list":["post-226","page","type-page","status-publish","hentry"],"_links":{"self":[{"href":"https:\/\/fundaciondoctrinacristiana.es\/sevilla\/wp-json\/wp\/v2\/pages\/226","targetHints":{"allow":["GET"]}}],"collection":[{"href":"https:\/\/fundaciondoctrinacristiana.es\/sevilla\/wp-json\/wp\/v2\/pages"}],"about":[{"href":"https:\/\/fundaciondoctrinacristiana.es\/sevilla\/wp-json\/wp\/v2\/types\/page"}],"author":[{"embeddable":true,"href":"https:\/\/fundaciondoctrinacristiana.es\/sevilla\/wp-json\/wp\/v2\/users\/1"}],"replies":[{"embeddable":true,"href":"https:\/\/fundaciondoctrinacristiana.es\/sevilla\/wp-json\/wp\/v2\/comments?post=226"}],"version-history":[{"count":11,"href":"https:\/\/fundaciondoctrinacristiana.es\/sevilla\/wp-json\/wp\/v2\/pages\/226\/revisions"}],"predecessor-version":[{"id":17779,"href":"https:\/\/fundaciondoctrinacristiana.es\/sevilla\/wp-json\/wp\/v2\/pages\/226\/revisions\/17779"}],"wp:attachment":[{"href":"https:\/\/fundaciondoctrinacristiana.es\/sevilla\/wp-json\/wp\/v2\/media?parent=226"}],"curies":[{"name":"wp","href":"https:\/\/api.w.org\/{rel}","templated":true}]}}