{"id":230,"date":"2021-02-17T05:47:43","date_gmt":"2021-02-17T05:47:43","guid":{"rendered":"https:\/\/fundaciondoctrinacristiana.es\/sevilla\/?page_id=230"},"modified":"2026-04-07T13:37:14","modified_gmt":"2026-04-07T11:37:14","slug":"tienda-de-uniformes","status":"publish","type":"page","link":"https:\/\/fundaciondoctrinacristiana.es\/sevilla\/tienda-de-uniformes\/","title":{"rendered":"Tienda"},"content":{"rendered":"<h3>VENTA DE UNIFORMES<\/h3>\r\n<ul>\r\n<li>Una vez que el pedido est\u00e9 listo, se enviar\u00e1 un correo avisando que pueden pasar a recogerlo y abonarlo en la recepci\u00f3n del Centro.<\/li>\r\n<li>El pago ser\u00e1 mediante tarjeta de cr\u00e9dito o d\u00e9bito en la propia recepci\u00f3n del Colegio<\/li>\r\n<li><strong>El horario de apertura presencial de la tienda es: lunes de 9:15 h a 10:15 h y<\/strong>\r\n<p><strong>jueves de 15:45 h a 16:45 h<span style=\"font-size: 1rem\">.<\/span><\/strong><\/p>\r\n<\/li>\r\n<li>\r\n<p><span style=\"font-size: 1rem\">Si pasados 15 d\u00edas desde la recepci\u00f3n del mail de confirmaci\u00f3n para venir a recoger su pedido, la familia no se ha personado en el Centro para recogerlo y pagarlo, el pedido queda anulado.<\/span><\/p>\r\n<\/li>\r\n<li>\r\n<p>Para las devoluciones ser\u00e1 necesario solicitar cita (<a href=\"https:\/\/fundaciondoctrinacristiana.es\/sevilla\/cita\">https:\/\/fundaciondoctrinacristiana.es\/sevilla\/cita<\/a>) y se realizar\u00e1 en horario de la apertura de la tienda. <strong>Durante los meses de junio y septiembre, s\u00f3lo en horario de ma\u00f1ana.<\/strong><\/p>\r\n<\/li>\r\n<li>Si necesitan <strong>tallas especiales o tejidos hipoalerg\u00e9nicos<\/strong> (100% algod\u00f3n) pueden ponerse en contacto con la tienda de uniformes a trav\u00e9s de su correo <a href=\"mailto:uniformes@doctrinacristianasevilla.es\">uniformes@doctrinacristianasevilla.es<\/a><\/li>\r\n<\/ul>\r\n<p style=\"text-align: center\"><a role=\"button\" href=\"https:\/\/fundaciondoctrinacristiana.es\/sevilla\/tienda\/\"><a class=\"maxbutton-2 maxbutton maxbutton-mi-cuenta\" href=\"https:\/\/fundaciondoctrinacristiana.es\/sevilla\/mi-cuenta\/\"><span class='mb-text'>Mi cuenta<\/span><\/a><\/a><\/p>\r\n<!-- \/wp:post-content -->\r\n\r\n<!-- wp:shortcode -->\r\n<div class=\"woocommerce columns-3\"><ul class=\"products columns-3\">\n<li class=\"product-category product first\">\n\t<a aria-label=\"Visitar la categor\u00eda de producto Actividades complementarias\" href=\"https:\/\/fundaciondoctrinacristiana.es\/sevilla\/categoria-producto\/actividad-complementaria\/\"><img fetchpriority=\"high\" decoding=\"async\" src=\"https:\/\/fundaciondoctrinacristiana.es\/sevilla\/wp-content\/uploads\/sites\/2\/2021\/11\/actividades-complementarias.png\" alt=\"Actividades complementarias\" width=\"300\" height=\"300\" srcset=\"https:\/\/fundaciondoctrinacristiana.es\/sevilla\/wp-content\/uploads\/sites\/2\/2021\/11\/actividades-complementarias.png 200w, https:\/\/fundaciondoctrinacristiana.es\/sevilla\/wp-content\/uploads\/sites\/2\/2021\/11\/actividades-complementarias-150x150.png 150w, https:\/\/fundaciondoctrinacristiana.es\/sevilla\/wp-content\/uploads\/sites\/2\/2021\/11\/actividades-complementarias-100x100.png 100w\" sizes=\"(max-width: 200px) 100vw, 200px\" \/>\t\t<h2 class=\"woocommerce-loop-category__title\">\n\t\t\tActividades complementarias <mark class=\"count\">(63)<\/mark>\t\t<\/h2>\n\t\t<\/a><\/li>\n<li class=\"product-category product\">\n\t<a aria-label=\"Visitar la categor\u00eda de producto Campus de Navidad\" href=\"https:\/\/fundaciondoctrinacristiana.es\/sevilla\/categoria-producto\/campusdenavidad\/\"><img decoding=\"async\" src=\"https:\/\/fundaciondoctrinacristiana.es\/sevilla\/wp-content\/uploads\/sites\/2\/2022\/12\/Cartel-Campus-de-Navidad11-300x300.jpg\" alt=\"Campus de Navidad\" width=\"300\" height=\"300\" srcset=\"https:\/\/fundaciondoctrinacristiana.es\/sevilla\/wp-content\/uploads\/sites\/2\/2022\/12\/Cartel-Campus-de-Navidad11-300x300.jpg 300w, https:\/\/fundaciondoctrinacristiana.es\/sevilla\/wp-content\/uploads\/sites\/2\/2022\/12\/Cartel-Campus-de-Navidad11-150x150.jpg 150w, https:\/\/fundaciondoctrinacristiana.es\/sevilla\/wp-content\/uploads\/sites\/2\/2022\/12\/Cartel-Campus-de-Navidad11-768x768.jpg 768w, https:\/\/fundaciondoctrinacristiana.es\/sevilla\/wp-content\/uploads\/sites\/2\/2022\/12\/Cartel-Campus-de-Navidad11-800x800.jpg 800w, https:\/\/fundaciondoctrinacristiana.es\/sevilla\/wp-content\/uploads\/sites\/2\/2022\/12\/Cartel-Campus-de-Navidad11-250x250.jpg 250w, https:\/\/fundaciondoctrinacristiana.es\/sevilla\/wp-content\/uploads\/sites\/2\/2022\/12\/Cartel-Campus-de-Navidad11-500x500.jpg 500w, https:\/\/fundaciondoctrinacristiana.es\/sevilla\/wp-content\/uploads\/sites\/2\/2022\/12\/Cartel-Campus-de-Navidad11-600x600.jpg 600w, https:\/\/fundaciondoctrinacristiana.es\/sevilla\/wp-content\/uploads\/sites\/2\/2022\/12\/Cartel-Campus-de-Navidad11-100x100.jpg 100w, https:\/\/fundaciondoctrinacristiana.es\/sevilla\/wp-content\/uploads\/sites\/2\/2022\/12\/Cartel-Campus-de-Navidad11.jpg 847w\" sizes=\"(max-width: 300px) 100vw, 300px\" \/>\t\t<h2 class=\"woocommerce-loop-category__title\">\n\t\t\tCampus de Navidad <mark class=\"count\">(12)<\/mark>\t\t<\/h2>\n\t\t<\/a><\/li>\n<li class=\"product-category product last\">\n\t<a aria-label=\"Visitar la categor\u00eda de producto Material escolar\" href=\"https:\/\/fundaciondoctrinacristiana.es\/sevilla\/categoria-producto\/materialescolar\/\"><img decoding=\"async\" src=\"https:\/\/fundaciondoctrinacristiana.es\/sevilla\/wp-content\/uploads\/sites\/2\/2025\/06\/pexels-pixabay-2361128-300x300.jpg\" alt=\"Material escolar\" width=\"300\" height=\"300\" srcset=\"https:\/\/fundaciondoctrinacristiana.es\/sevilla\/wp-content\/uploads\/sites\/2\/2025\/06\/pexels-pixabay-2361128-300x300.jpg 300w, https:\/\/fundaciondoctrinacristiana.es\/sevilla\/wp-content\/uploads\/sites\/2\/2025\/06\/pexels-pixabay-2361128-1024x1024.jpg 1024w, https:\/\/fundaciondoctrinacristiana.es\/sevilla\/wp-content\/uploads\/sites\/2\/2025\/06\/pexels-pixabay-2361128-150x150.jpg 150w, https:\/\/fundaciondoctrinacristiana.es\/sevilla\/wp-content\/uploads\/sites\/2\/2025\/06\/pexels-pixabay-2361128-768x768.jpg 768w, https:\/\/fundaciondoctrinacristiana.es\/sevilla\/wp-content\/uploads\/sites\/2\/2025\/06\/pexels-pixabay-2361128-1536x1536.jpg 1536w, https:\/\/fundaciondoctrinacristiana.es\/sevilla\/wp-content\/uploads\/sites\/2\/2025\/06\/pexels-pixabay-2361128-800x800.jpg 800w, https:\/\/fundaciondoctrinacristiana.es\/sevilla\/wp-content\/uploads\/sites\/2\/2025\/06\/pexels-pixabay-2361128-250x250.jpg 250w, https:\/\/fundaciondoctrinacristiana.es\/sevilla\/wp-content\/uploads\/sites\/2\/2025\/06\/pexels-pixabay-2361128-500x500.jpg 500w, https:\/\/fundaciondoctrinacristiana.es\/sevilla\/wp-content\/uploads\/sites\/2\/2025\/06\/pexels-pixabay-2361128-600x600.jpg 600w, https:\/\/fundaciondoctrinacristiana.es\/sevilla\/wp-content\/uploads\/sites\/2\/2025\/06\/pexels-pixabay-2361128-100x100.jpg 100w, https:\/\/fundaciondoctrinacristiana.es\/sevilla\/wp-content\/uploads\/sites\/2\/2025\/06\/pexels-pixabay-2361128.jpg 2004w\" sizes=\"(max-width: 300px) 100vw, 300px\" \/>\t\t<h2 class=\"woocommerce-loop-category__title\">\n\t\t\tMaterial escolar <mark class=\"count\">(6)<\/mark>\t\t<\/h2>\n\t\t<\/a><\/li>\n<li class=\"product-category product first\">\n\t<a aria-label=\"Visitar la categor\u00eda de producto Regalos y Decoraci\u00f3n\" href=\"https:\/\/fundaciondoctrinacristiana.es\/sevilla\/categoria-producto\/regalos-y-decoracion\/\"><img loading=\"lazy\" decoding=\"async\" src=\"https:\/\/fundaciondoctrinacristiana.es\/sevilla\/wp-content\/uploads\/sites\/2\/2024\/10\/188149-OXKEIB-608-300x300.jpg\" alt=\"Regalos y Decoraci\u00f3n\" width=\"300\" height=\"300\" srcset=\"https:\/\/fundaciondoctrinacristiana.es\/sevilla\/wp-content\/uploads\/sites\/2\/2024\/10\/188149-OXKEIB-608-300x300.jpg 300w, https:\/\/fundaciondoctrinacristiana.es\/sevilla\/wp-content\/uploads\/sites\/2\/2024\/10\/188149-OXKEIB-608-1024x1024.jpg 1024w, https:\/\/fundaciondoctrinacristiana.es\/sevilla\/wp-content\/uploads\/sites\/2\/2024\/10\/188149-OXKEIB-608-150x150.jpg 150w, https:\/\/fundaciondoctrinacristiana.es\/sevilla\/wp-content\/uploads\/sites\/2\/2024\/10\/188149-OXKEIB-608-768x768.jpg 768w, https:\/\/fundaciondoctrinacristiana.es\/sevilla\/wp-content\/uploads\/sites\/2\/2024\/10\/188149-OXKEIB-608-800x800.jpg 800w, https:\/\/fundaciondoctrinacristiana.es\/sevilla\/wp-content\/uploads\/sites\/2\/2024\/10\/188149-OXKEIB-608-250x250.jpg 250w, https:\/\/fundaciondoctrinacristiana.es\/sevilla\/wp-content\/uploads\/sites\/2\/2024\/10\/188149-OXKEIB-608-500x500.jpg 500w, https:\/\/fundaciondoctrinacristiana.es\/sevilla\/wp-content\/uploads\/sites\/2\/2024\/10\/188149-OXKEIB-608-600x600.jpg 600w, https:\/\/fundaciondoctrinacristiana.es\/sevilla\/wp-content\/uploads\/sites\/2\/2024\/10\/188149-OXKEIB-608-100x100.jpg 100w, https:\/\/fundaciondoctrinacristiana.es\/sevilla\/wp-content\/uploads\/sites\/2\/2024\/10\/188149-OXKEIB-608.jpg 1042w\" sizes=\"(max-width: 300px) 100vw, 300px\" \/>\t\t<h2 class=\"woocommerce-loop-category__title\">\n\t\t\tRegalos y Decoraci\u00f3n <mark class=\"count\">(1)<\/mark>\t\t<\/h2>\n\t\t<\/a><\/li>\n<li class=\"product-category product\">\n\t<a aria-label=\"Visitar la categor\u00eda de producto Textil\" href=\"https:\/\/fundaciondoctrinacristiana.es\/sevilla\/categoria-producto\/textil\/\"><img loading=\"lazy\" decoding=\"async\" src=\"https:\/\/fundaciondoctrinacristiana.es\/sevilla\/wp-content\/uploads\/sites\/2\/2021\/11\/textil2.png\" alt=\"Textil\" width=\"300\" height=\"300\" srcset=\"https:\/\/fundaciondoctrinacristiana.es\/sevilla\/wp-content\/uploads\/sites\/2\/2021\/11\/textil2.png 200w, https:\/\/fundaciondoctrinacristiana.es\/sevilla\/wp-content\/uploads\/sites\/2\/2021\/11\/textil2-150x150.png 150w, https:\/\/fundaciondoctrinacristiana.es\/sevilla\/wp-content\/uploads\/sites\/2\/2021\/11\/textil2-100x100.png 100w\" sizes=\"(max-width: 200px) 100vw, 200px\" \/>\t\t<h2 class=\"woocommerce-loop-category__title\">\n\t\t\tTextil <mark class=\"count\">(35)<\/mark>\t\t<\/h2>\n\t\t<\/a><\/li>\n<\/ul>\n<\/div>\r\n<!-- \/wp:shortcode -->\r\n\r\n","protected":false},"excerpt":{"rendered":"<p>VENTA DE UNIFORMES Una vez que el pedido est\u00e9 listo, se enviar\u00e1 un correo avisando que pueden pasar a recogerlo y abonarlo en la recepci\u00f3n del Centro. El pago ser\u00e1 mediante tarjeta de cr\u00e9dito o d\u00e9bito en la propia recepci\u00f3n del Colegio El horario de apertura presencial de la tienda es: lunes de 9:15 h a 10:15 h y jueves de 15:45 h a 16:45 h. Si pasados 15 d\u00edas<\/p>\n<p><a class=\"more-link\" href=\"https:\/\/fundaciondoctrinacristiana.es\/sevilla\/tienda-de-uniformes\/\">Leer m\u00e1s<\/a><\/p>\n","protected":false},"author":1,"featured_media":0,"parent":0,"menu_order":0,"comment_status":"closed","ping_status":"closed","template":"","meta":{"footnotes":""},"class_list":["post-230","page","type-page","status-publish","hentry"],"_links":{"self":[{"href":"https:\/\/fundaciondoctrinacristiana.es\/sevilla\/wp-json\/wp\/v2\/pages\/230","targetHints":{"allow":["GET"]}}],"collection":[{"href":"https:\/\/fundaciondoctrinacristiana.es\/sevilla\/wp-json\/wp\/v2\/pages"}],"about":[{"href":"https:\/\/fundaciondoctrinacristiana.es\/sevilla\/wp-json\/wp\/v2\/types\/page"}],"author":[{"embeddable":true,"href":"https:\/\/fundaciondoctrinacristiana.es\/sevilla\/wp-json\/wp\/v2\/users\/1"}],"replies":[{"embeddable":true,"href":"https:\/\/fundaciondoctrinacristiana.es\/sevilla\/wp-json\/wp\/v2\/comments?post=230"}],"version-history":[{"count":23,"href":"https:\/\/fundaciondoctrinacristiana.es\/sevilla\/wp-json\/wp\/v2\/pages\/230\/revisions"}],"predecessor-version":[{"id":21391,"href":"https:\/\/fundaciondoctrinacristiana.es\/sevilla\/wp-json\/wp\/v2\/pages\/230\/revisions\/21391"}],"wp:attachment":[{"href":"https:\/\/fundaciondoctrinacristiana.es\/sevilla\/wp-json\/wp\/v2\/media?parent=230"}],"curies":[{"name":"wp","href":"https:\/\/api.w.org\/{rel}","templated":true}]}}