{"id":4417,"date":"2022-07-15T13:52:57","date_gmt":"2022-07-15T11:52:57","guid":{"rendered":"https:\/\/fundaciondoctrinacristiana.es\/sevilla\/?page_id=4417"},"modified":"2022-07-15T13:57:09","modified_gmt":"2022-07-15T11:57:09","slug":"club-de-antiguos-alumnos","status":"publish","type":"page","link":"https:\/\/fundaciondoctrinacristiana.es\/sevilla\/club-de-antiguos-alumnos\/","title":{"rendered":"Club de Antiguos Alumnos"},"content":{"rendered":"<p>Querida amiga, querido amigo:<\/p>\n<p>Quiz\u00e1s hayan pasado ya d\u00e9cadas desde que cruzaste la puerta de nuestro colegio por \u00faltima vez. Quiz\u00e1s hayan sido solo unos pocos a\u00f1os, o incluso te acabas de graduar. Pero tenemos claro que el hecho de haberte formado en la Doctrina Cristiana ha dejado en ti, igual que en nosotros, una impronta especial. Que lo que viviste en tu colegio habr\u00e1 tenido mucho que ver con la persona que eres ahora. Que el carisma de Francisco y de Mercedes sigue vivo en ti.<\/p>\n<p>No queremos que todas las experiencias y las vivencias acumuladas se queden en el mundo de los recuerdos. Queremos ofrecerte una manera de mantener el v\u00ednculo con tu colegio, con nuestro colegio, a trav\u00e9s de los a\u00f1os. Por eso hemos creado el Club de Antiguos Alumnos del colegio Ntra. Sra. de las Mercedes (Doctrina Cristiana).<\/p>\n<p>Esta organizaci\u00f3n es una iniciativa de tu colegio para mantener el contacto con sus antiguos alumnos, y para que ellos sigan sintiendo esta como su casa. A trav\u00e9s de ella, te mantendremos al tanto de la vida del colegio, y te convocaremos en determinadas ocasiones para reencontrarte con tus compa\u00f1eros si lo deseas.<\/p>\n<p>\u00a1Esperamos verte pronto! Si esta iniciativa es de tu agrado, empieza por rellenar el siguiente formulario:<\/p>\n<p align=\"center\"><iframe src=\"https:\/\/docs.google.com\/forms\/d\/e\/1FAIpQLSdQsU6KcJ3I27mt4RqanokQbBHC2tyWAMyBIY57axU2TQ9ZDg\/viewform?embedded=true\" width=\"640\" height=\"2000\" frameborder=\"0\" marginwidth=\"0\" marginheight=\"0\">Cargando\u2026<\/iframe><\/p>\n","protected":false},"excerpt":{"rendered":"<p>Querida amiga, querido amigo: Quiz\u00e1s hayan pasado ya d\u00e9cadas desde que cruzaste la puerta de nuestro colegio por \u00faltima vez. Quiz\u00e1s hayan sido solo unos pocos a\u00f1os, o incluso te acabas de graduar. Pero tenemos claro que el hecho de haberte formado en la Doctrina Cristiana ha dejado en ti, igual que en nosotros, una impronta especial. Que lo que viviste en tu colegio habr\u00e1 tenido mucho que ver con<\/p>\n<p><a class=\"more-link\" href=\"https:\/\/fundaciondoctrinacristiana.es\/sevilla\/club-de-antiguos-alumnos\/\">Leer m\u00e1s<\/a><\/p>\n","protected":false},"author":1,"featured_media":4423,"parent":0,"menu_order":0,"comment_status":"closed","ping_status":"closed","template":"","meta":{"footnotes":""},"class_list":["post-4417","page","type-page","status-publish","has-post-thumbnail","hentry"],"_links":{"self":[{"href":"https:\/\/fundaciondoctrinacristiana.es\/sevilla\/wp-json\/wp\/v2\/pages\/4417","targetHints":{"allow":["GET"]}}],"collection":[{"href":"https:\/\/fundaciondoctrinacristiana.es\/sevilla\/wp-json\/wp\/v2\/pages"}],"about":[{"href":"https:\/\/fundaciondoctrinacristiana.es\/sevilla\/wp-json\/wp\/v2\/types\/page"}],"author":[{"embeddable":true,"href":"https:\/\/fundaciondoctrinacristiana.es\/sevilla\/wp-json\/wp\/v2\/users\/1"}],"replies":[{"embeddable":true,"href":"https:\/\/fundaciondoctrinacristiana.es\/sevilla\/wp-json\/wp\/v2\/comments?post=4417"}],"version-history":[{"count":5,"href":"https:\/\/fundaciondoctrinacristiana.es\/sevilla\/wp-json\/wp\/v2\/pages\/4417\/revisions"}],"predecessor-version":[{"id":4425,"href":"https:\/\/fundaciondoctrinacristiana.es\/sevilla\/wp-json\/wp\/v2\/pages\/4417\/revisions\/4425"}],"wp:featuredmedia":[{"embeddable":true,"href":"https:\/\/fundaciondoctrinacristiana.es\/sevilla\/wp-json\/wp\/v2\/media\/4423"}],"wp:attachment":[{"href":"https:\/\/fundaciondoctrinacristiana.es\/sevilla\/wp-json\/wp\/v2\/media?parent=4417"}],"curies":[{"name":"wp","href":"https:\/\/api.w.org\/{rel}","templated":true}]}}