{"id":4562,"date":"2022-09-15T11:27:15","date_gmt":"2022-09-15T09:27:15","guid":{"rendered":"https:\/\/fundaciondoctrinacristiana.es\/sevilla\/?page_id=4562"},"modified":"2025-09-22T13:52:25","modified_gmt":"2025-09-22T11:52:25","slug":"extraescolares","status":"publish","type":"page","link":"https:\/\/fundaciondoctrinacristiana.es\/sevilla\/extraescolares\/","title":{"rendered":"Extraescolares"},"content":{"rendered":"<p><img fetchpriority=\"high\" decoding=\"async\" class=\"wp-image-13519 size-large\" src=\"https:\/\/fundaciondoctrinacristiana.es\/sevilla\/wp-content\/uploads\/sites\/2\/2024\/09\/extaescolares-24-25-1024x585.jpeg\" alt=\"extaescolares 24 25\" width=\"1024\" height=\"585\" srcset=\"https:\/\/fundaciondoctrinacristiana.es\/sevilla\/wp-content\/uploads\/sites\/2\/2024\/09\/extaescolares-24-25-1024x585.jpeg 1024w, https:\/\/fundaciondoctrinacristiana.es\/sevilla\/wp-content\/uploads\/sites\/2\/2024\/09\/extaescolares-24-25-300x171.jpeg 300w, https:\/\/fundaciondoctrinacristiana.es\/sevilla\/wp-content\/uploads\/sites\/2\/2024\/09\/extaescolares-24-25-768x439.jpeg 768w, https:\/\/fundaciondoctrinacristiana.es\/sevilla\/wp-content\/uploads\/sites\/2\/2024\/09\/extaescolares-24-25-1536x878.jpeg 1536w, https:\/\/fundaciondoctrinacristiana.es\/sevilla\/wp-content\/uploads\/sites\/2\/2024\/09\/extaescolares-24-25-800x457.jpeg 800w, https:\/\/fundaciondoctrinacristiana.es\/sevilla\/wp-content\/uploads\/sites\/2\/2024\/09\/extaescolares-24-25-600x343.jpeg 600w, https:\/\/fundaciondoctrinacristiana.es\/sevilla\/wp-content\/uploads\/sites\/2\/2024\/09\/extaescolares-24-25.jpeg 1792w\" sizes=\"(max-width: 1024px) 100vw, 1024px\" \/><\/p>\n<h2>Actividades Extraescolares Curso 2025-2026<\/h2>\n<p>En el Colegio Mercedes, creemos en el desarrollo integral de nuestros alumnos, y por ello, ofrecemos una amplia variedad de actividades extraescolares. Estas actividades, tanto organizadas por el propio colegio como gestionadas por empresas colaboradoras, est\u00e1n dise\u00f1adas para complementar la educaci\u00f3n formal, estimular la creatividad y fomentar el trabajo en equipo.<\/p>\n<p>A continuaci\u00f3n, detallamos las actividades disponibles para este curso:<\/p>\n<hr \/>\n<h3><strong>Actividades organizadas por el Colegio Mercedes<\/strong><\/h3>\n<ol>\n<li><strong>Taller musical.<\/strong>\n<ul>\n<li><strong>Destinatarios:<\/strong> Alumnos de infantil<\/li>\n<li><strong>Horario:<\/strong> Mi\u00e9rcoles de 13:00 a 13:45<\/li>\n<li><strong>Descripci\u00f3n:<\/strong> Acercamiento a la m\u00fasica de forma l\u00fadica y educativa, con el objetivo de desarrollar capacidades afectivas, sociales, intelectuales y creativas.<\/li>\n<li><strong>Inscripci\u00f3n:<\/strong> Al matricularse en el centro.<\/li>\n<\/ul>\n<\/li>\n<li><strong>Taller de Teatro<\/strong>\n<ul>\n<li><strong>Destinatarios:<\/strong> Alumnos de primaria<\/li>\n<li><strong>Horario:<\/strong> Mi\u00e9rcoles de 13:00 a 14:00<\/li>\n<li><strong>Descripci\u00f3n:<\/strong> Fomentar habilidades de actuaci\u00f3n, comunicaci\u00f3n, y confianza en s\u00ed mismos, mientras aprenden t\u00e9cnicas de expresi\u00f3n corporal y verbal.<\/li>\n<li><strong>Inscripci\u00f3n:<\/strong> Al matricularse en el centro.<\/li>\n<\/ul>\n<\/li>\n<li><strong>Coro \u201cColegio Mercedes\u201d<\/strong>\n<ul>\n<li><strong>Destinatarios:<\/strong> Alumnos de secundaria<\/li>\n<li><strong>Horario:<\/strong> Jueves de 16:00 a 17:00<\/li>\n<li><strong>Descripci\u00f3n:<\/strong> Participaci\u00f3n en el coro escolar, desarrollando habilidades musicales en equipo bajo la direcci\u00f3n de un profesor especializado.<\/li>\n<li><strong>Inscripci\u00f3n:<\/strong> En septiembre con el profesor de m\u00fasica.<\/li>\n<\/ul>\n<\/li>\n<li><strong>Viernes Divertidos<\/strong>\n<ul>\n<li><strong>Destinatarios:<\/strong> Alumnos de infantil y primaria<\/li>\n<li><strong>Horario:<\/strong> Viernes de 13:00 a 14:00<\/li>\n<li><strong>Descripci\u00f3n:<\/strong> Actividades l\u00fadicas y educativas para estimular la creatividad y el desarrollo f\u00edsico y mental.<\/li>\n<li><strong>Inscripci\u00f3n:<\/strong> En secretar\u00eda.<\/li>\n<\/ul>\n<\/li>\n<li><strong>Estudio Dirigido<\/strong>\n<ul>\n<li><strong>Destinatarios:<\/strong> Alumnos de primaria y secundaria<\/li>\n<li><strong>Horario:<\/strong> Lunes y mi\u00e9rcoles de 16:00 a 17:00 \/ 16:30 a 17:30<\/li>\n<li><strong>Descripci\u00f3n:<\/strong> Sesiones de estudio en las que los alumnos pueden realizar tareas en un ambiente tranquilo, guiados por educadores especializados.<\/li>\n<li><strong>Inscripci\u00f3n:<\/strong> En secretar\u00eda.<\/li>\n<\/ul>\n<\/li>\n<\/ol>\n<p><em>Nota: Estas actividades requieren un m\u00ednimo de 12 inscripciones para llevarse a cabo.<\/em><\/p>\n<hr \/>\n<h3><strong>Actividades gestionadas por otras empresas<\/strong><\/h3>\n<ol>\n<li><strong>Centro Norteamericano<\/strong>\n<ul>\n<li><strong>Actividades:<\/strong> Clases de ingl\u00e9s para todos los niveles (infantil a secundaria)<\/li>\n<li><strong>Horario:<\/strong> Lunes y mi\u00e9rcoles de 15:30 a 16:30<\/li>\n<li><strong>Contacto:<\/strong>\n<ul>\n<li>Web: <a href=\"http:\/\/centronorteamericano.com\" target=\"_new\" rel=\"noopener\">centronorteamericano.com<\/a><\/li>\n<li>Correo electr\u00f3nico: <a rel=\"noopener\">hi@centronorteamericano.com<\/a><\/li>\n<li>Tel\u00e9fono: 954 224 107<\/li>\n<\/ul>\n<\/li>\n<\/ul>\n<\/li>\n<li><strong>Escuela de Danza Etoile<\/strong>\n<ul>\n<li><strong>Actividades:<\/strong>\n<ul>\n<li>Ballet: Alumnos de infantil a 2\u00ba de primaria<\/li>\n<li>Danza urbana: Alumnos de primaria y secundaria<\/li>\n<\/ul>\n<\/li>\n<li><strong>Horario:<\/strong> Martes y\/o jueves de 17:00 a 18:00<\/li>\n<li><strong>Contacto:<\/strong>\n<ul>\n<li>Web: <a href=\"http:\/\/danzaetoile.com\" target=\"_new\" rel=\"noopener\">danzaetoile.com<\/a><\/li>\n<li>Inscripci\u00f3n: <a href=\"https:\/\/danzaetoile.com\/colegio-extraescolares\/colegio-mercedes\/\" target=\"_blank\" rel=\"noopener\">https:\/\/danzaetoile.com\/colegio-extraescolares\/colegio-mercedes\/<\/a><\/li>\n<li>Tel\u00e9fono: 689 62 21 71<\/li>\n<li>Correo electr\u00f3nico: <a rel=\"noopener\">escueladedanzaetoille@gmail.com<\/a><\/li>\n<\/ul>\n<\/li>\n<\/ul>\n<\/li>\n<li><strong>RRA Servicios Globales<\/strong>\n<ul>\n<li><strong>Actividades:<\/strong>\n<ul>\n<li>Multideporte e iniciaci\u00f3n al patinaje: Alumnos de infantil y primer ciclo de primaria<\/li>\n<\/ul>\n<\/li>\n<li><strong>Horario:<\/strong> Martes y\/o jueves de 17:00 a 18:00<\/li>\n<li><strong>Contacto:<\/strong>\n<ul>\n<li>Correo electr\u00f3nico: <a rel=\"noopener\">asociaciones@rraconsultoria.com<\/a><\/li>\n<li>Tel\u00e9fono: 604 91 35 14 (Persona de contacto: Alberto Bueno)<\/li>\n<\/ul>\n<\/li>\n<\/ul>\n<\/li>\n<\/ol>\n<hr \/>\n<h3><strong>Otras Actividades en el Polideportivo IFNI<\/strong><\/h3>\n<p>Las siguientes actividades son gestionadas por empresas externas:<\/p>\n<p><a href=\"https:\/\/ketalsport.com\/extraexcolares-doctrina-25-26\/\" target=\"_blank\" rel=\"noopener\">ACTIVIDADES DEPORTIVAS CURSO 25-26 con Ketalsport<\/a><\/p>\n<p><strong><u>BABY-F\u00daTBOL<\/u><\/strong>\u00a0<strong>para 1\u00ba y 2 \u00ba de Ed. Infantil (3 y 4 a\u00f1os).<\/strong><strong>\u00a0Actividad pre-deportiva basada en f\u00fatbol pero donde se trabajar\u00e1n capacidades generales como coordinaci\u00f3n, psicomotricidad y capacidades motoras.\u00a0<\/strong><\/p>\n<p><strong><u>F\u00daTBOL SALA y F\u00daTBOL 7<\/u><\/strong>\u00a0<strong>desde 3\u00ba de Ed. Infantil (5 a\u00f1os) hasta 4\u00ba de la ESO.<\/strong><strong>\u00a0Hasta 2\u00ba primaria en el colegio y desde 3\u00ba de primaria en IFNI (los alumnos de 3\u00ba a 6\u00ba primaria ser\u00e1n recogidos en el colegio por monitores de Ketal Sport previa autorizaci\u00f3n paterna). Participaci\u00f3n en competici\u00f3n (Liga Escuelas Cat\u00f3licas) opcional.<\/strong><\/p>\n<ul>\n<li><strong>3\u00ba INFANTIL a 2\u00ba DE PRIMARIA<\/strong><strong>: Modalidad de \u201cF\u00fatbol Sala\u201d en pista F\u00fatbol Sala de la azotea colegio, martes y\/o jueves de 17:00 a 18:00 h<\/strong><\/li>\n<li><strong>3\u00ba y 4\u00ba DE PRIMARIA<\/strong><strong>: a elegir entre \u201cF\u00fatbol Sala\u201d o \u201cF\u00fatbol 7\u201d, en instalaci\u00f3n de IFNI, jueves de 17:15 a 18:15 h<\/strong>\u00a0(posibilidad de un 2\u00ba entrenamiento semanal, martes de 18:10 a 19:10 h).<\/li>\n<li><strong>5\u00ba y 6\u00ba DE PRIMARIA<\/strong><strong>: a elegir entre \u201cF\u00fatbol Sala\u201d o \u201cF\u00fatbol 7\u201d, en instalaci\u00f3n de IFNI, martes de 17:15 a 18:15 h<\/strong>\u00a0(posibilidad de un 2\u00ba entrenamiento semanal, jueves de 18:10 a 19:10 h).<\/li>\n<li><strong>1\u00ba a 4\u00ba DE ESO:<\/strong><strong>\u00a0a elegir entre \u201cF\u00fatbol Sala\u201d o \u201cF\u00fatbol 7\u201d, en instalaci\u00f3n de IFNI, martes y\/o jueves, de 15:30 a 16:30 h.<\/strong><\/li>\n<\/ul>\n<p><strong><u>VOLEIBOL<\/u><\/strong><strong>\u00a0desde 3\u00ba de Primaria hasta 4\u00ba de la ESO.<\/strong><strong>\u00a0Hasta 6\u00ba primaria en el colegio y desde 1\u00ba de ESO en IFNI. Participaci\u00f3n en competici\u00f3n opcional (Liga Escuelas Cat\u00f3licas)<\/strong><\/p>\n<ul>\n<li><strong>3\u00ba y 4\u00ba DE PRIMARIA<\/strong><strong>: pista azotea, jueves de 17:00 a 18:00 h.<\/strong><\/li>\n<li><strong>5\u00ba y 6\u00ba DE PRIMARIA:<\/strong><strong>\u00a0pista azotea, martes de 17:00 a 18:00 h.<\/strong><\/li>\n<li><strong>1\u00ba a 4\u00ba DE ESO<\/strong><strong>: pista IFNI, martes y\/o jueves, de 15:30 a 16:30 h<\/strong><\/li>\n<\/ul>\n<p><strong><u>ARTES MARCIALES<\/u><\/strong>\u00a0<strong>de 3\u00ba Ed Infantil (5 a\u00f1os) a 6\u00ba Primaria.<\/strong>\u00a0Deporte muy completo que trabaja equilibrio, flexibilidad, fuerza, autoestima y disciplina.\u00a0<strong>En la\u00a0<\/strong><strong>sala de\u00a0 2\u00aa planta<\/strong><strong>. Martes y\/o Jueves, de 17:00 a 18:00 h. Se puede elegir 1 o 2 d\u00edas a la semana.<\/strong><\/p>\n<p><strong>MUY IMPORTANTE: los d\u00edas u horarios de actividades o grupos que no alcancen el m\u00ednimo para poder realizarse, podr\u00edan ser ocupados por otras actividades.<\/strong><\/p>\n<p><a href=\"https:\/\/ketalsport.com\/extraexcolares-doctrina-25-26\/\" target=\"_blank\" rel=\"noopener\">ACTIVIDADES DEPORTIVAS CURSO 25-26 con Ketalsport<\/a><\/p>\n<hr \/>\n<p>\u00a1No dudes en inscribirte en las actividades que m\u00e1s te interesen! Para m\u00e1s informaci\u00f3n, contacta con los coordinadores de cada actividad o visita las p\u00e1ginas web de las empresas colaboradoras.<\/p>\n","protected":false},"excerpt":{"rendered":"<p>Actividades Extraescolares Curso 2025-2026 En el Colegio Mercedes, creemos en el desarrollo integral de nuestros alumnos, y por ello, ofrecemos una amplia variedad de actividades extraescolares. Estas actividades, tanto organizadas por el propio colegio como gestionadas por empresas colaboradoras, est\u00e1n dise\u00f1adas para complementar la educaci\u00f3n formal, estimular la creatividad y fomentar el trabajo en equipo. A continuaci\u00f3n, detallamos las actividades disponibles para este curso: Actividades organizadas por el Colegio Mercedes<\/p>\n<p><a class=\"more-link\" href=\"https:\/\/fundaciondoctrinacristiana.es\/sevilla\/extraescolares\/\">Leer m\u00e1s<\/a><\/p>\n","protected":false},"author":8,"featured_media":0,"parent":0,"menu_order":0,"comment_status":"closed","ping_status":"closed","template":"","meta":{"footnotes":""},"class_list":["post-4562","page","type-page","status-publish","hentry"],"_links":{"self":[{"href":"https:\/\/fundaciondoctrinacristiana.es\/sevilla\/wp-json\/wp\/v2\/pages\/4562","targetHints":{"allow":["GET"]}}],"collection":[{"href":"https:\/\/fundaciondoctrinacristiana.es\/sevilla\/wp-json\/wp\/v2\/pages"}],"about":[{"href":"https:\/\/fundaciondoctrinacristiana.es\/sevilla\/wp-json\/wp\/v2\/types\/page"}],"author":[{"embeddable":true,"href":"https:\/\/fundaciondoctrinacristiana.es\/sevilla\/wp-json\/wp\/v2\/users\/8"}],"replies":[{"embeddable":true,"href":"https:\/\/fundaciondoctrinacristiana.es\/sevilla\/wp-json\/wp\/v2\/comments?post=4562"}],"version-history":[{"count":15,"href":"https:\/\/fundaciondoctrinacristiana.es\/sevilla\/wp-json\/wp\/v2\/pages\/4562\/revisions"}],"predecessor-version":[{"id":18236,"href":"https:\/\/fundaciondoctrinacristiana.es\/sevilla\/wp-json\/wp\/v2\/pages\/4562\/revisions\/18236"}],"wp:attachment":[{"href":"https:\/\/fundaciondoctrinacristiana.es\/sevilla\/wp-json\/wp\/v2\/media?parent=4562"}],"curies":[{"name":"wp","href":"https:\/\/api.w.org\/{rel}","templated":true}]}}

<p><img fetchpriority="high" decoding="async" class="wp-image-13519 size-large" src="https://fundaciondoctrinacristiana.es/sevilla/wp-content/uploads/sites/2/2024/09/extaescolares-24-25-1024x585.jpeg" alt="extaescolares 24 25" width="1024" height="585" srcset="https://fundaciondoctrinacristiana.es/sevilla/wp-content/uploads/sites/2/2024/09/extaescolares-24-25-1024x585.jpeg 1024w, https://fundaciondoctrinacristiana.es/sevilla/wp-content/uploads/sites/2/2024/09/extaescolares-24-25-300x171.jpeg 300w, https://fundaciondoctrinacristiana.es/sevilla/wp-content/uploads/sites/2/2024/09/extaescolares-24-25-768x439.jpeg 768w, https://fundaciondoctrinacristiana.es/sevilla/wp-content/uploads/sites/2/2024/09/extaescolares-24-25-1536x878.jpeg 1536w, https://fundaciondoctrinacristiana.es/sevilla/wp-content/uploads/sites/2/2024/09/extaescolares-24-25-800x457.jpeg 800w, https://fundaciondoctrinacristiana.es/sevilla/wp-content/uploads/sites/2/2024/09/extaescolares-24-25-600x343.jpeg 600w, https://fundaciondoctrinacristiana.es/sevilla/wp-content/uploads/sites/2/2024/09/extaescolares-24-25.jpeg 1792w" sizes="(max-width: 1024px) 100vw, 1024px" /></p>
<h2>Actividades Extraescolares Curso 2025-2026</h2>
<p>En el Colegio Mercedes, creemos en el desarrollo integral de nuestros alumnos, y por ello, ofrecemos una amplia variedad de actividades extraescolares. Estas actividades, tanto organizadas por el propio colegio como gestionadas por empresas colaboradoras, están diseñadas para complementar la educación formal, estimular la creatividad y fomentar el trabajo en equipo.</p>
<p>A continuación, detallamos las actividades disponibles para este curso:</p>
<hr />
<h3><strong>Actividades organizadas por el Colegio Mercedes</strong></h3>
<ol>
<li><strong>Taller musical.</strong>
<ul>
<li><strong>Destinatarios:</strong> Alumnos de infantil</li>
<li><strong>Horario:</strong> Miércoles de 13:00 a 13:45</li>
<li><strong>Descripción:</strong> Acercamiento a la música de forma lúdica y educativa, con el objetivo de desarrollar capacidades afectivas, sociales, intelectuales y creativas.</li>
<li><strong>Inscripción:</strong> Al matricularse en el centro.</li>
</ul>
</li>
<li><strong>Taller de Teatro</strong>
<ul>
<li><strong>Destinatarios:</strong> Alumnos de primaria</li>
<li><strong>Horario:</strong> Miércoles de 13:00 a 14:00</li>
<li><strong>Descripción:</strong> Fomentar habilidades de actuación, comunicación, y confianza en sí mismos, mientras aprenden técnicas de expresión corporal y verbal.</li>
<li><strong>Inscripción:</strong> Al matricularse en el centro.</li>
</ul>
</li>
<li><strong>Coro “Colegio Mercedes”</strong>
<ul>
<li><strong>Destinatarios:</strong> Alumnos de secundaria</li>
<li><strong>Horario:</strong> Jueves de 16:00 a 17:00</li>
<li><strong>Descripción:</strong> Participación en el coro escolar, desarrollando habilidades musicales en equipo bajo la dirección de un profesor especializado.</li>
<li><strong>Inscripción:</strong> En septiembre con el profesor de música.</li>
</ul>
</li>
<li><strong>Viernes Divertidos</strong>
<ul>
<li><strong>Destinatarios:</strong> Alumnos de infantil y primaria</li>
<li><strong>Horario:</strong> Viernes de 13:00 a 14:00</li>
<li><strong>Descripción:</strong> Actividades lúdicas y educativas para estimular la creatividad y el desarrollo físico y mental.</li>
<li><strong>Inscripción:</strong> En secretaría.</li>
</ul>
</li>
<li><strong>Estudio Dirigido</strong>
<ul>
<li><strong>Destinatarios:</strong> Alumnos de primaria y secundaria</li>
<li><strong>Horario:</strong> Lunes y miércoles de 16:00 a 17:00 / 16:30 a 17:30</li>
<li><strong>Descripción:</strong> Sesiones de estudio en las que los alumnos pueden realizar tareas en un ambiente tranquilo, guiados por educadores especializados.</li>
<li><strong>Inscripción:</strong> En secretaría.</li>
</ul>
</li>
</ol>
<p><em>Nota: Estas actividades requieren un mínimo de 12 inscripciones para llevarse a cabo.</em></p>
<hr />
<h3><strong>Actividades gestionadas por otras empresas</strong></h3>
<ol>
<li><strong>Centro Norteamericano</strong>
<ul>
<li><strong>Actividades:</strong> Clases de inglés para todos los niveles (infantil a secundaria)</li>
<li><strong>Horario:</strong> Lunes y miércoles de 15:30 a 16:30</li>
<li><strong>Contacto:</strong>
<ul>
<li>Web: <a href="http://centronorteamericano.com" target="_new" rel="noopener">centronorteamericano.com</a></li>
<li>Correo electrónico: <a rel="noopener">hi@centronorteamericano.com</a></li>
<li>Teléfono: 954 224 107</li>
</ul>
</li>
</ul>
</li>
<li><strong>Escuela de Danza Etoile</strong>
<ul>
<li><strong>Actividades:</strong>
<ul>
<li>Ballet: Alumnos de infantil a 2º de primaria</li>
<li>Danza urbana: Alumnos de primaria y secundaria</li>
</ul>
</li>
<li><strong>Horario:</strong> Martes y/o jueves de 17:00 a 18:00</li>
<li><strong>Contacto:</strong>
<ul>
<li>Web: <a href="http://danzaetoile.com" target="_new" rel="noopener">danzaetoile.com</a></li>
<li>Inscripción: <a href="https://danzaetoile.com/colegio-extraescolares/colegio-mercedes/" target="_blank" rel="noopener">https://danzaetoile.com/colegio-extraescolares/colegio-mercedes/</a></li>
<li>Teléfono: 689 62 21 71</li>
<li>Correo electrónico: <a rel="noopener">escueladedanzaetoille@gmail.com</a></li>
</ul>
</li>
</ul>
</li>
<li><strong>RRA Servicios Globales</strong>
<ul>
<li><strong>Actividades:</strong>
<ul>
<li>Multideporte e iniciación al patinaje: Alumnos de infantil y primer ciclo de primaria</li>
</ul>
</li>
<li><strong>Horario:</strong> Martes y/o jueves de 17:00 a 18:00</li>
<li><strong>Contacto:</strong>
<ul>
<li>Correo electrónico: <a rel="noopener">asociaciones@rraconsultoria.com</a></li>
<li>Teléfono: 604 91 35 14 (Persona de contacto: Alberto Bueno)</li>
</ul>
</li>
</ul>
</li>
</ol>
<hr />
<h3><strong>Otras Actividades en el Polideportivo IFNI</strong></h3>
<p>Las siguientes actividades son gestionadas por empresas externas:</p>
<p><a href="https://ketalsport.com/extraexcolares-doctrina-25-26/" target="_blank" rel="noopener">ACTIVIDADES DEPORTIVAS CURSO 25-26 con Ketalsport</a></p>
<p><strong><u>BABY-FÚTBOL</u></strong> <strong>para 1º y 2 º de Ed. Infantil (3 y 4 años).</strong><strong> Actividad pre-deportiva basada en fútbol pero donde se trabajarán capacidades generales como coordinación, psicomotricidad y capacidades motoras. </strong></p>
<p><strong><u>FÚTBOL SALA y FÚTBOL 7</u></strong> <strong>desde 3º de Ed. Infantil (5 años) hasta 4º de la ESO.</strong><strong> Hasta 2º primaria en el colegio y desde 3º de primaria en IFNI (los alumnos de 3º a 6º primaria serán recogidos en el colegio por monitores de Ketal Sport previa autorización paterna). Participación en competición (Liga Escuelas Católicas) opcional.</strong></p>
<ul>
<li><strong>3º INFANTIL a 2º DE PRIMARIA</strong><strong>: Modalidad de “Fútbol Sala” en pista Fútbol Sala de la azotea colegio, martes y/o jueves de 17:00 a 18:00 h</strong></li>
<li><strong>3º y 4º DE PRIMARIA</strong><strong>: a elegir entre “Fútbol Sala” o “Fútbol 7”, en instalación de IFNI, jueves de 17:15 a 18:15 h</strong> (posibilidad de un 2º entrenamiento semanal, martes de 18:10 a 19:10 h).</li>
<li><strong>5º y 6º DE PRIMARIA</strong><strong>: a elegir entre “Fútbol Sala” o “Fútbol 7”, en instalación de IFNI, martes de 17:15 a 18:15 h</strong> (posibilidad de un 2º entrenamiento semanal, jueves de 18:10 a 19:10 h).</li>
<li><strong>1º a 4º DE ESO:</strong><strong> a elegir entre “Fútbol Sala” o “Fútbol 7”, en instalación de IFNI, martes y/o jueves, de 15:30 a 16:30 h.</strong></li>
</ul>
<p><strong><u>VOLEIBOL</u></strong><strong> desde 3º de Primaria hasta 4º de la ESO.</strong><strong> Hasta 6º primaria en el colegio y desde 1º de ESO en IFNI. Participación en competición opcional (Liga Escuelas Católicas)</strong></p>
<ul>
<li><strong>3º y 4º DE PRIMARIA</strong><strong>: pista azotea, jueves de 17:00 a 18:00 h.</strong></li>
<li><strong>5º y 6º DE PRIMARIA:</strong><strong> pista azotea, martes de 17:00 a 18:00 h.</strong></li>
<li><strong>1º a 4º DE ESO</strong><strong>: pista IFNI, martes y/o jueves, de 15:30 a 16:30 h</strong></li>
</ul>
<p><strong><u>ARTES MARCIALES</u></strong> <strong>de 3º Ed Infantil (5 años) a 6º Primaria.</strong> Deporte muy completo que trabaja equilibrio, flexibilidad, fuerza, autoestima y disciplina. <strong>En la </strong><strong>sala de  2ª planta</strong><strong>. Martes y/o Jueves, de 17:00 a 18:00 h. Se puede elegir 1 o 2 días a la semana.</strong></p>
<p><strong>MUY IMPORTANTE: los días u horarios de actividades o grupos que no alcancen el mínimo para poder realizarse, podrían ser ocupados por otras actividades.</strong></p>
<p><a href="https://ketalsport.com/extraexcolares-doctrina-25-26/" target="_blank" rel="noopener">ACTIVIDADES DEPORTIVAS CURSO 25-26 con Ketalsport</a></p>
<hr />
<p>¡No dudes en inscribirte en las actividades que más te interesen! Para más información, contacta con los coordinadores de cada actividad o visita las páginas web de las empresas colaboradoras.</p>

<p>Actividades Extraescolares Curso 2025-2026 En el Colegio Mercedes, creemos en el desarrollo integral de nuestros alumnos, y por ello, ofrecemos una amplia variedad de actividades extraescolares. Estas actividades, tanto organizadas por el propio colegio como gestionadas por empresas colaboradoras, están diseñadas para complementar la educación formal, estimular la creatividad y fomentar el trabajo en equipo. A continuación, detallamos las actividades disponibles para este curso: Actividades organizadas por el Colegio Mercedes</p>
<p><a class="more-link" href="https://fundaciondoctrinacristiana.es/sevilla/extraescolares/">Leer más</a></p>
