{"id":17857,"date":"2025-06-30T16:56:43","date_gmt":"2025-06-30T14:56:43","guid":{"rendered":"https:\/\/fundaciondoctrinacristiana.es\/sevilla\/?post_type=product&#038;p=17857"},"modified":"2025-06-30T19:47:06","modified_gmt":"2025-06-30T17:47:06","slug":"pack-material-escolar-ed-infantil-4-anos","status":"publish","type":"product","link":"https:\/\/fundaciondoctrinacristiana.es\/sevilla\/producto\/pack-material-escolar-ed-infantil-4-anos\/","title":{"rendered":"Pack material escolar Ed. Infantil 4 a\u00f1os"},"content":{"rendered":"<h2>Pack material escolar Ed. Infantil 4 a\u00f1os<\/h2>\n<p><strong>IMPORTANTE: Los materiales se entregar\u00e1n el d\u00eda de la reuni\u00f3n inicial de principio de curso.<\/strong><\/p>\n<ul>\n<li dir=\"ltr\">\n<p dir=\"ltr\" role=\"presentation\">3 L\u00c1PICES TRIANGULARES FINOS N\u00ba 2 HB.<\/p>\n<\/li>\n<li dir=\"ltr\">\n<p dir=\"ltr\" role=\"presentation\">3 CAJAS DE 24 COLORES DE CERAS FINAS.<\/p>\n<\/li>\n<li dir=\"ltr\">\n<p dir=\"ltr\" role=\"presentation\">3 BARRAS DE PEGAMENTO.<\/p>\n<\/li>\n<li dir=\"ltr\">\n<p dir=\"ltr\" role=\"presentation\">1 CAJA DE 15 CERAS BLANDAS.<\/p>\n<\/li>\n<li dir=\"ltr\">\n<p dir=\"ltr\" role=\"presentation\">3 GOMAS DE NATA.<\/p>\n<\/li>\n<li dir=\"ltr\">\n<p dir=\"ltr\" role=\"presentation\">3 CAJA DE 12 ROTULADORES FINOS.<\/p>\n<\/li>\n<li dir=\"ltr\">\n<p dir=\"ltr\" role=\"presentation\">UTENSILIOS PARA PLASTILINA.<\/p>\n<\/li>\n<li dir=\"ltr\">\n<p dir=\"ltr\" role=\"presentation\">1 CAJA DE ACUARELAS.<\/p>\n<\/li>\n<li dir=\"ltr\">\n<p dir=\"ltr\" role=\"presentation\">1 BLOCK DE HOJAS M\u00daLTIPLES<\/p>\n<\/li>\n<li dir=\"ltr\">\n<p dir=\"ltr\" role=\"presentation\">1 PAQUETE DE 100 FOLIOS DE 80GR.<\/p>\n<\/li>\n<\/ul>\n","protected":false},"excerpt":{"rendered":"<h2>Pack material escolar Ed. Infantil 4 a\u00f1os<\/h2>\n<p><strong>IMPORTANTE: Los materiales se entregar\u00e1n el d\u00eda de la reuni\u00f3n inicial de principio de curso.<\/strong><\/p>\n<ul>\n<li dir=\"ltr\">\n<p dir=\"ltr\" role=\"presentation\">3 L\u00c1PICES TRIANGULARES FINOS N\u00ba 2 HB.<\/p>\n<\/li>\n<li dir=\"ltr\">\n<p dir=\"ltr\" role=\"presentation\">3 CAJAS DE 24 COLORES DE CERAS FINAS.<\/p>\n<\/li>\n<li dir=\"ltr\">\n<p dir=\"ltr\" role=\"presentation\">3 BARRAS DE PEGAMENTO.<\/p>\n<\/li>\n<li dir=\"ltr\">\n<p dir=\"ltr\" role=\"presentation\">1 CAJA DE 15 CERAS BLANDAS.<\/p>\n<\/li>\n<li dir=\"ltr\">\n<p dir=\"ltr\" role=\"presentation\">3 GOMAS DE NATA.<\/p>\n<\/li>\n<li dir=\"ltr\">\n<p dir=\"ltr\" role=\"presentation\">3 CAJA DE 12 ROTULADORES FINOS.<\/p>\n<\/li>\n<li dir=\"ltr\">\n<p dir=\"ltr\" role=\"presentation\">UTENSILIOS PARA PLASTILINA.<\/p>\n<\/li>\n<li dir=\"ltr\">\n<p dir=\"ltr\" role=\"presentation\">1 CAJA DE ACUARELAS.<\/p>\n<\/li>\n<li dir=\"ltr\">\n<p dir=\"ltr\" role=\"presentation\">1 BLOCK DE HOJAS M\u00daLTIPLES<\/p>\n<\/li>\n<li dir=\"ltr\">\n<p dir=\"ltr\" role=\"presentation\">1 PAQUETE DE 100 FOLIOS DE 80GR.<\/p>\n<\/li>\n<\/ul>\n","protected":false},"featured_media":17864,"template":"","meta":[],"product_brand":[],"product_cat":[366],"product_tag":[],"class_list":{"0":"post-17857","1":"product","2":"type-product","3":"status-publish","4":"has-post-thumbnail","6":"product_cat-materialescolar","8":"first","9":"instock","10":"virtual","11":"product-type-simple"},"_links":{"self":[{"href":"https:\/\/fundaciondoctrinacristiana.es\/sevilla\/wp-json\/wp\/v2\/product\/17857","targetHints":{"allow":["GET"]}}],"collection":[{"href":"https:\/\/fundaciondoctrinacristiana.es\/sevilla\/wp-json\/wp\/v2\/product"}],"about":[{"href":"https:\/\/fundaciondoctrinacristiana.es\/sevilla\/wp-json\/wp\/v2\/types\/product"}],"wp:featuredmedia":[{"embeddable":true,"href":"https:\/\/fundaciondoctrinacristiana.es\/sevilla\/wp-json\/wp\/v2\/media\/17864"}],"wp:attachment":[{"href":"https:\/\/fundaciondoctrinacristiana.es\/sevilla\/wp-json\/wp\/v2\/media?parent=17857"}],"wp:term":[{"taxonomy":"product_brand","embeddable":true,"href":"https:\/\/fundaciondoctrinacristiana.es\/sevilla\/wp-json\/wp\/v2\/product_brand?post=17857"},{"taxonomy":"product_cat","embeddable":true,"href":"https:\/\/fundaciondoctrinacristiana.es\/sevilla\/wp-json\/wp\/v2\/product_cat?post=17857"},{"taxonomy":"product_tag","embeddable":true,"href":"https:\/\/fundaciondoctrinacristiana.es\/sevilla\/wp-json\/wp\/v2\/product_tag?post=17857"}],"curies":[{"name":"wp","href":"https:\/\/api.w.org\/{rel}","templated":true}]}}