{"id":18364,"date":"2025-10-01T07:45:59","date_gmt":"2025-10-01T05:45:59","guid":{"rendered":"https:\/\/fundaciondoctrinacristiana.es\/sevilla\/?post_type=product&#038;p=18364"},"modified":"2025-10-14T12:03:02","modified_gmt":"2025-10-14T10:03:02","slug":"visita-al-acuario-de-sevilla-15-de-octubre-25","status":"publish","type":"product","link":"https:\/\/fundaciondoctrinacristiana.es\/sevilla\/producto\/visita-al-acuario-de-sevilla-15-de-octubre-25\/","title":{"rendered":"Visita al Acuario de Sevilla (15 de octubre 25)"},"content":{"rendered":"<h2>Visita al Acuario de Sevilla (15 de octubre 25)<\/h2>\n<p>Durante la visita realizaremos una traves\u00eda por la historia siguiendo la ruta de Magallanes y Elcano. Los alumnos podr\u00e1n observar de cerca las especies marinas que acompa\u00f1aron a esta extraordinaria gesta de la primera vuelta al mundo.<\/p>\n<p>Adem\u00e1s, participaremos en el taller \u00abAl rescate del tibur\u00f3n\u00bb, donde investigaremos por qu\u00e9 estos animales est\u00e1n en peligro y c\u00f3mo podemos ayudar a su conservaci\u00f3n.<br \/>\nImportante:<\/p>\n<p style=\"text-align: left;\"><strong>Los alumnos deben acudir con el uniforme del colegio.<\/strong><br \/>\nRealicen el pago <strong>antes del 13 de octubre<\/strong><\/p>\n","protected":false},"excerpt":{"rendered":"<h2>Visita al Acuario de Sevilla (15 de octubre 25)<\/h2>\n<p>Durante la visita realizaremos una traves\u00eda por la historia siguiendo la ruta de Magallanes y Elcano. Los alumnos podr\u00e1n observar de cerca las especies marinas que acompa\u00f1aron a esta extraordinaria gesta de la primera vuelta al mundo.<\/p>\n<p>Adem\u00e1s, participaremos en el taller \u00abAl rescate del tibur\u00f3n\u00bb, donde investigaremos por qu\u00e9 estos animales est\u00e1n en peligro y c\u00f3mo podemos ayudar a su conservaci\u00f3n.<br \/>\nImportante:<\/p>\n<p style=\"text-align: left;\"><strong>Los alumnos deben acudir con el uniforme del colegio.<\/strong><br \/>\nRealicen el pago <strong>antes del 13 de octubre<\/strong><\/p>\n","protected":false},"featured_media":13896,"template":"","meta":[],"product_brand":[],"product_cat":[246],"product_tag":[],"class_list":{"0":"post-18364","1":"product","2":"type-product","3":"status-publish","4":"has-post-thumbnail","6":"product_cat-actividades-complementarias-5o-primaria","8":"first","9":"instock","10":"virtual","11":"sold-individually","12":"product-type-simple"},"_links":{"self":[{"href":"https:\/\/fundaciondoctrinacristiana.es\/sevilla\/wp-json\/wp\/v2\/product\/18364","targetHints":{"allow":["GET"]}}],"collection":[{"href":"https:\/\/fundaciondoctrinacristiana.es\/sevilla\/wp-json\/wp\/v2\/product"}],"about":[{"href":"https:\/\/fundaciondoctrinacristiana.es\/sevilla\/wp-json\/wp\/v2\/types\/product"}],"wp:featuredmedia":[{"embeddable":true,"href":"https:\/\/fundaciondoctrinacristiana.es\/sevilla\/wp-json\/wp\/v2\/media\/13896"}],"wp:attachment":[{"href":"https:\/\/fundaciondoctrinacristiana.es\/sevilla\/wp-json\/wp\/v2\/media?parent=18364"}],"wp:term":[{"taxonomy":"product_brand","embeddable":true,"href":"https:\/\/fundaciondoctrinacristiana.es\/sevilla\/wp-json\/wp\/v2\/product_brand?post=18364"},{"taxonomy":"product_cat","embeddable":true,"href":"https:\/\/fundaciondoctrinacristiana.es\/sevilla\/wp-json\/wp\/v2\/product_cat?post=18364"},{"taxonomy":"product_tag","embeddable":true,"href":"https:\/\/fundaciondoctrinacristiana.es\/sevilla\/wp-json\/wp\/v2\/product_tag?post=18364"}],"curies":[{"name":"wp","href":"https:\/\/api.w.org\/{rel}","templated":true}]}}