{"id":21191,"date":"2026-03-29T04:48:22","date_gmt":"2026-03-29T03:48:22","guid":{"rendered":"https:\/\/fundaciondoctrinacristiana.es\/sevilla\/?post_type=product&#038;p=21191"},"modified":"2026-03-29T04:51:20","modified_gmt":"2026-03-29T03:51:20","slug":"multiaventura-en-el-parque-las-graveras-16-abril-26-6o-pri","status":"publish","type":"product","link":"https:\/\/fundaciondoctrinacristiana.es\/sevilla\/producto\/multiaventura-en-el-parque-las-graveras-16-abril-26-6o-pri\/","title":{"rendered":"Multiaventura en el Parque \u00abLas Graveras\u00bb (16\/abril\/26) 6\u00ba PRI"},"content":{"rendered":"<p><strong>Multiaventura en el Parque \u00abLas Graveras\u00bb (16\/abril\/26)<\/strong><\/p>\n<p>El alumnado de 5\u00ba y 6\u00ba de Primaria disfrutar\u00e1 de una jornada de multiaventura en el Parque \u00abLas Graveras\u00bb (San Jos\u00e9 de la Rinconada). A trav\u00e9s de retos f\u00edsicos progresivos, los participantes pondr\u00e1n a prueba su equilibrio y coordinaci\u00f3n en un entorno natural. La actividad incluye tambi\u00e9n una iniciaci\u00f3n a la escalada adaptada a su edad y una sesi\u00f3n de pirag\u00fcismo, donde descubrir\u00e1n el trabajo en equipo sobre el agua. En todo momento estar\u00e1n acompa\u00f1ados por monitores especializados. Una experiencia que combina movimiento, diversi\u00f3n y convivencia, perfecta para el desarrollo personal fuera del aula.<\/p>\n<blockquote><p>Los alumnos asistir\u00e1n con el ch\u00e1ndal del colegio.<\/p>\n<p>Deber\u00e1n llevar ba\u00f1ador, toalla, camiseta de muda y crema solar protectora.<\/p>\n<p>A los alumnos de catering se les suministrar\u00e1 una bolsa-picnic para el almuerzo<\/p>\n<p>La fecha tope para realizar el pago es el 12 de abril<\/p><\/blockquote>\n","protected":false},"excerpt":{"rendered":"<p><strong>Multiaventura en el Parque \u00abLas Graveras\u00bb (16\/abril\/26) 6\u00ba PRI<\/strong><\/p>\n","protected":false},"featured_media":21190,"template":"","meta":[],"product_brand":[],"product_cat":[247],"product_tag":[],"class_list":{"0":"post-21191","1":"product","2":"type-product","3":"status-publish","4":"has-post-thumbnail","6":"product_cat-actividades-complementarias-6o-primaria","8":"first","9":"instock","10":"virtual","11":"sold-individually","12":"purchasable","13":"product-type-simple"},"_links":{"self":[{"href":"https:\/\/fundaciondoctrinacristiana.es\/sevilla\/wp-json\/wp\/v2\/product\/21191","targetHints":{"allow":["GET"]}}],"collection":[{"href":"https:\/\/fundaciondoctrinacristiana.es\/sevilla\/wp-json\/wp\/v2\/product"}],"about":[{"href":"https:\/\/fundaciondoctrinacristiana.es\/sevilla\/wp-json\/wp\/v2\/types\/product"}],"wp:featuredmedia":[{"embeddable":true,"href":"https:\/\/fundaciondoctrinacristiana.es\/sevilla\/wp-json\/wp\/v2\/media\/21190"}],"wp:attachment":[{"href":"https:\/\/fundaciondoctrinacristiana.es\/sevilla\/wp-json\/wp\/v2\/media?parent=21191"}],"wp:term":[{"taxonomy":"product_brand","embeddable":true,"href":"https:\/\/fundaciondoctrinacristiana.es\/sevilla\/wp-json\/wp\/v2\/product_brand?post=21191"},{"taxonomy":"product_cat","embeddable":true,"href":"https:\/\/fundaciondoctrinacristiana.es\/sevilla\/wp-json\/wp\/v2\/product_cat?post=21191"},{"taxonomy":"product_tag","embeddable":true,"href":"https:\/\/fundaciondoctrinacristiana.es\/sevilla\/wp-json\/wp\/v2\/product_tag?post=21191"}],"curies":[{"name":"wp","href":"https:\/\/api.w.org\/{rel}","templated":true}]}}